{"id":14202,"date":"2024-03-18T16:20:35","date_gmt":"2024-03-18T15:20:35","guid":{"rendered":"https:\/\/kechbureau.ma\/?post_type=product&#038;p=14202"},"modified":"2024-11-11T12:26:34","modified_gmt":"2024-11-11T11:26:34","slug":"controle-dacces-zkteco-sa32e-codecarte-id-plastique","status":"publish","type":"product","link":"https:\/\/kechbureau.ma\/?product=controle-dacces-zkteco-sa32e-codecarte-id-plastique","title":{"rendered":"CONTROLE D&#8217;ACCES ZKTECO SA32E (CODE+CARTE ID) PLASTIQUE"},"content":{"rendered":"<p style=\"font-weight: 400;\"><b><strong>SA32-E<\/strong><\/b>\u00a0est un dispositif autonome de\u00a0<b><strong>contr\u00f4le d&#8217;acc\u00e8s<\/strong><\/b>\u00a0avec v\u00e9rification de la carte \u00e0 puce et du mot de passe sans contact, qui permet 3 modes de v\u00e9rification: carte seule, code confidentiel et carte et code confidentiel, pour une s\u00e9curit\u00e9 et une flexibilit\u00e9 maximales.<\/p>\n<p style=\"font-weight: 400;\">\n<p style=\"font-weight: 400;\">Avec 1 sortie de relais et 1 sortie PUSH (faible), 1 port de bouton de porte et 1 port de sonnette, le\u00a0<b><strong>SA32E<\/strong><\/b>\u00a0est simple mais efficace, sa commodit\u00e9 et son adaptabilit\u00e9 lui permettent d\u2019\u00eatre bien d\u00e9ploy\u00e9 dans les logements r\u00e9sidentiels, les bureaux et tout autre \u00e9tablissement public.<\/p>\n<table style=\"font-weight: 400;\" width=\"868\">\n<tbody>\n<tr>\n<td>\n<p style=\"font-weight: 400;\">Espace de rangement<\/p>\n<\/td>\n<td>\n<p style=\"font-weight: 400;\">1 000 utilisateurs<\/p>\n<\/td>\n<\/tr>\n<tr>\n<td>\n<p style=\"font-weight: 400;\">Tension de fonctionnement<\/p>\n<\/td>\n<td>\n<p style=\"font-weight: 400;\">DC 12V 10%<\/p>\n<\/td>\n<\/tr>\n<tr>\n<td>\n<p style=\"font-weight: 400;\">Courant de fonctionnement<\/p>\n<\/td>\n<td>\n<p style=\"font-weight: 400;\">DC 12V 10%<\/p>\n<\/td>\n<\/tr>\n<tr>\n<td>\n<p style=\"font-weight: 400;\">Dimensions<\/p>\n<\/td>\n<td>\n<p style=\"font-weight: 400;\">120x78x22m<\/p>\n<\/td>\n<\/tr>\n<tr>\n<td>\n<p style=\"font-weight: 400;\">Poids<\/p>\n<\/td>\n<td>\n<p style=\"font-weight: 400;\">110g<\/p>\n<\/td>\n<\/tr>\n<tr>\n<td>\n<p style=\"font-weight: 400;\">Temp\u00e9rature ambiante<\/p>\n<\/td>\n<td>\n<p style=\"font-weight: 400;\">0-60 degr\u00e9s Celsius<\/p>\n<\/td>\n<\/tr>\n<tr>\n<td>\n<p style=\"font-weight: 400;\">Humidit\u00e9 relative<\/p>\n<\/td>\n<td>\n<p style=\"font-weight: 400;\">20% \u00e0 80%<\/p>\n<\/td>\n<\/tr>\n<tr>\n<td>\n<p style=\"font-weight: 400;\">Type de carte (alternative)<\/p>\n<\/td>\n<td>\n<p style=\"font-weight: 400;\">Carte EM (ID) (carte d&#8217;identit\u00e9 en option)<\/p>\n<\/td>\n<\/tr>\n<tr>\n<td>\n<p style=\"font-weight: 400;\">Distance de lecture de carte<\/p>\n<\/td>\n<td>\n<p style=\"font-weight: 400;\">1-15cm<\/p>\n<\/td>\n<\/tr>\n<\/tbody>\n<\/table>\n","protected":false},"excerpt":{"rendered":"<p>SA32-E\u00a0est un dispositif autonome de\u00a0contr\u00f4le d&#8217;acc\u00e8s\u00a0avec v\u00e9rification de la carte \u00e0 puce et du mot de passe sans contact, qui permet 3 modes de v\u00e9rification: carte seule, code confidentiel et<\/p>\n","protected":false},"featured_media":14204,"comment_status":"open","ping_status":"closed","template":"","meta":{"kk_blocks_editor_width":"","_kiokenblocks_attr":"","_kiokenblocks_dimensions":""},"product_brand":[],"product_cat":[774],"product_tag":[],"class_list":{"0":"post-14202","1":"product","2":"type-product","3":"status-publish","4":"has-post-thumbnail","6":"product_cat-controle-dacces","8":"first","9":"instock","10":"taxable","11":"shipping-taxable","12":"purchasable","13":"product-type-simple"},"yoast_head":"<!-- This site is optimized with the Yoast SEO plugin v27.6 - https:\/\/yoast.com\/product\/yoast-seo-wordpress\/ -->\n<title>CONTROLE D&#039;ACCES ZKTECO SA32E (CODE+CARTE ID) PLASTIQUE - KECH BUREAU<\/title>\n<meta name=\"robots\" content=\"index, follow, max-snippet:-1, max-image-preview:large, max-video-preview:-1\" \/>\n<link rel=\"canonical\" href=\"https:\/\/kechbureau.ma\/?product=controle-dacces-zkteco-sa32e-codecarte-id-plastique\" \/>\n<meta property=\"og:locale\" content=\"fr_FR\" \/>\n<meta property=\"og:type\" content=\"article\" \/>\n<meta property=\"og:title\" content=\"CONTROLE D&#039;ACCES ZKTECO SA32E (CODE+CARTE ID) PLASTIQUE - KECH BUREAU\" \/>\n<meta property=\"og:description\" content=\"SA32-E\u00a0est un dispositif autonome de\u00a0contr\u00f4le d&#8217;acc\u00e8s\u00a0avec v\u00e9rification de la carte \u00e0 puce et du mot de passe sans contact, qui permet 3 modes de v\u00e9rification: carte seule, code confidentiel et\" \/>\n<meta property=\"og:url\" content=\"https:\/\/kechbureau.ma\/?product=controle-dacces-zkteco-sa32e-codecarte-id-plastique\" \/>\n<meta property=\"og:site_name\" content=\"KECH BUREAU\" \/>\n<meta property=\"article:modified_time\" content=\"2024-11-11T11:26:34+00:00\" \/>\n<meta property=\"og:image\" content=\"http:\/\/kechbureau.ma\/wp-content\/uploads\/2024\/03\/sa32e-zkteco.jpg\" \/>\n\t<meta property=\"og:image:width\" content=\"728\" \/>\n\t<meta property=\"og:image:height\" content=\"800\" \/>\n\t<meta property=\"og:image:type\" content=\"image\/jpeg\" \/>\n<meta name=\"twitter:card\" content=\"summary_large_image\" \/>\n<meta name=\"twitter:label1\" content=\"Dur\u00e9e de lecture estim\u00e9e\" \/>\n\t<meta name=\"twitter:data1\" content=\"1 minute\" \/>\n<script type=\"application\/ld+json\" class=\"yoast-schema-graph\">{\"@context\":\"https:\\\/\\\/schema.org\",\"@graph\":[{\"@type\":\"WebPage\",\"@id\":\"https:\\\/\\\/kechbureau.ma\\\/?product=controle-dacces-zkteco-sa32e-codecarte-id-plastique\",\"url\":\"https:\\\/\\\/kechbureau.ma\\\/?product=controle-dacces-zkteco-sa32e-codecarte-id-plastique\",\"name\":\"CONTROLE D'ACCES ZKTECO SA32E (CODE+CARTE ID) PLASTIQUE - KECH BUREAU\",\"isPartOf\":{\"@id\":\"https:\\\/\\\/kechbureau.ma\\\/#website\"},\"primaryImageOfPage\":{\"@id\":\"https:\\\/\\\/kechbureau.ma\\\/?product=controle-dacces-zkteco-sa32e-codecarte-id-plastique#primaryimage\"},\"image\":{\"@id\":\"https:\\\/\\\/kechbureau.ma\\\/?product=controle-dacces-zkteco-sa32e-codecarte-id-plastique#primaryimage\"},\"thumbnailUrl\":\"https:\\\/\\\/kechbureau.ma\\\/wp-content\\\/uploads\\\/2024\\\/03\\\/sa32e-zkteco.jpg\",\"datePublished\":\"2024-03-18T15:20:35+00:00\",\"dateModified\":\"2024-11-11T11:26:34+00:00\",\"breadcrumb\":{\"@id\":\"https:\\\/\\\/kechbureau.ma\\\/?product=controle-dacces-zkteco-sa32e-codecarte-id-plastique#breadcrumb\"},\"inLanguage\":\"fr-FR\",\"potentialAction\":[{\"@type\":\"ReadAction\",\"target\":[\"https:\\\/\\\/kechbureau.ma\\\/?product=controle-dacces-zkteco-sa32e-codecarte-id-plastique\"]}]},{\"@type\":\"ImageObject\",\"inLanguage\":\"fr-FR\",\"@id\":\"https:\\\/\\\/kechbureau.ma\\\/?product=controle-dacces-zkteco-sa32e-codecarte-id-plastique#primaryimage\",\"url\":\"https:\\\/\\\/kechbureau.ma\\\/wp-content\\\/uploads\\\/2024\\\/03\\\/sa32e-zkteco.jpg\",\"contentUrl\":\"https:\\\/\\\/kechbureau.ma\\\/wp-content\\\/uploads\\\/2024\\\/03\\\/sa32e-zkteco.jpg\",\"width\":728,\"height\":800},{\"@type\":\"BreadcrumbList\",\"@id\":\"https:\\\/\\\/kechbureau.ma\\\/?product=controle-dacces-zkteco-sa32e-codecarte-id-plastique#breadcrumb\",\"itemListElement\":[{\"@type\":\"ListItem\",\"position\":1,\"name\":\"Accueil\",\"item\":\"https:\\\/\\\/kechbureau.ma\\\/\"},{\"@type\":\"ListItem\",\"position\":2,\"name\":\"Shop\",\"item\":\"https:\\\/\\\/kechbureau.ma\\\/?page_id=3853\"},{\"@type\":\"ListItem\",\"position\":3,\"name\":\"CONTROLE D&#8217;ACCES ZKTECO SA32E (CODE+CARTE ID) PLASTIQUE\"}]},{\"@type\":\"WebSite\",\"@id\":\"https:\\\/\\\/kechbureau.ma\\\/#website\",\"url\":\"https:\\\/\\\/kechbureau.ma\\\/\",\"name\":\"KECH BUREAU\",\"description\":\"MARRAKECH BUREAU\",\"potentialAction\":[{\"@type\":\"SearchAction\",\"target\":{\"@type\":\"EntryPoint\",\"urlTemplate\":\"https:\\\/\\\/kechbureau.ma\\\/?s={search_term_string}\"},\"query-input\":{\"@type\":\"PropertyValueSpecification\",\"valueRequired\":true,\"valueName\":\"search_term_string\"}}],\"inLanguage\":\"fr-FR\"}]}<\/script>\n<!-- \/ Yoast SEO plugin. -->","yoast_head_json":{"title":"CONTROLE D'ACCES ZKTECO SA32E (CODE+CARTE ID) PLASTIQUE - KECH BUREAU","robots":{"index":"index","follow":"follow","max-snippet":"max-snippet:-1","max-image-preview":"max-image-preview:large","max-video-preview":"max-video-preview:-1"},"canonical":"https:\/\/kechbureau.ma\/?product=controle-dacces-zkteco-sa32e-codecarte-id-plastique","og_locale":"fr_FR","og_type":"article","og_title":"CONTROLE D'ACCES ZKTECO SA32E (CODE+CARTE ID) PLASTIQUE - KECH BUREAU","og_description":"SA32-E\u00a0est un dispositif autonome de\u00a0contr\u00f4le d&#8217;acc\u00e8s\u00a0avec v\u00e9rification de la carte \u00e0 puce et du mot de passe sans contact, qui permet 3 modes de v\u00e9rification: carte seule, code confidentiel et","og_url":"https:\/\/kechbureau.ma\/?product=controle-dacces-zkteco-sa32e-codecarte-id-plastique","og_site_name":"KECH BUREAU","article_modified_time":"2024-11-11T11:26:34+00:00","og_image":[{"width":728,"height":800,"url":"http:\/\/kechbureau.ma\/wp-content\/uploads\/2024\/03\/sa32e-zkteco.jpg","type":"image\/jpeg"}],"twitter_card":"summary_large_image","twitter_misc":{"Dur\u00e9e de lecture estim\u00e9e":"1 minute"},"schema":{"@context":"https:\/\/schema.org","@graph":[{"@type":"WebPage","@id":"https:\/\/kechbureau.ma\/?product=controle-dacces-zkteco-sa32e-codecarte-id-plastique","url":"https:\/\/kechbureau.ma\/?product=controle-dacces-zkteco-sa32e-codecarte-id-plastique","name":"CONTROLE D'ACCES ZKTECO SA32E (CODE+CARTE ID) PLASTIQUE - KECH BUREAU","isPartOf":{"@id":"https:\/\/kechbureau.ma\/#website"},"primaryImageOfPage":{"@id":"https:\/\/kechbureau.ma\/?product=controle-dacces-zkteco-sa32e-codecarte-id-plastique#primaryimage"},"image":{"@id":"https:\/\/kechbureau.ma\/?product=controle-dacces-zkteco-sa32e-codecarte-id-plastique#primaryimage"},"thumbnailUrl":"https:\/\/kechbureau.ma\/wp-content\/uploads\/2024\/03\/sa32e-zkteco.jpg","datePublished":"2024-03-18T15:20:35+00:00","dateModified":"2024-11-11T11:26:34+00:00","breadcrumb":{"@id":"https:\/\/kechbureau.ma\/?product=controle-dacces-zkteco-sa32e-codecarte-id-plastique#breadcrumb"},"inLanguage":"fr-FR","potentialAction":[{"@type":"ReadAction","target":["https:\/\/kechbureau.ma\/?product=controle-dacces-zkteco-sa32e-codecarte-id-plastique"]}]},{"@type":"ImageObject","inLanguage":"fr-FR","@id":"https:\/\/kechbureau.ma\/?product=controle-dacces-zkteco-sa32e-codecarte-id-plastique#primaryimage","url":"https:\/\/kechbureau.ma\/wp-content\/uploads\/2024\/03\/sa32e-zkteco.jpg","contentUrl":"https:\/\/kechbureau.ma\/wp-content\/uploads\/2024\/03\/sa32e-zkteco.jpg","width":728,"height":800},{"@type":"BreadcrumbList","@id":"https:\/\/kechbureau.ma\/?product=controle-dacces-zkteco-sa32e-codecarte-id-plastique#breadcrumb","itemListElement":[{"@type":"ListItem","position":1,"name":"Accueil","item":"https:\/\/kechbureau.ma\/"},{"@type":"ListItem","position":2,"name":"Shop","item":"https:\/\/kechbureau.ma\/?page_id=3853"},{"@type":"ListItem","position":3,"name":"CONTROLE D&#8217;ACCES ZKTECO SA32E (CODE+CARTE ID) PLASTIQUE"}]},{"@type":"WebSite","@id":"https:\/\/kechbureau.ma\/#website","url":"https:\/\/kechbureau.ma\/","name":"KECH BUREAU","description":"MARRAKECH BUREAU","potentialAction":[{"@type":"SearchAction","target":{"@type":"EntryPoint","urlTemplate":"https:\/\/kechbureau.ma\/?s={search_term_string}"},"query-input":{"@type":"PropertyValueSpecification","valueRequired":true,"valueName":"search_term_string"}}],"inLanguage":"fr-FR"}]}},"_links":{"self":[{"href":"https:\/\/kechbureau.ma\/index.php?rest_route=\/wp\/v2\/product\/14202","targetHints":{"allow":["GET"]}}],"collection":[{"href":"https:\/\/kechbureau.ma\/index.php?rest_route=\/wp\/v2\/product"}],"about":[{"href":"https:\/\/kechbureau.ma\/index.php?rest_route=\/wp\/v2\/types\/product"}],"replies":[{"embeddable":true,"href":"https:\/\/kechbureau.ma\/index.php?rest_route=%2Fwp%2Fv2%2Fcomments&post=14202"}],"wp:featuredmedia":[{"embeddable":true,"href":"https:\/\/kechbureau.ma\/index.php?rest_route=\/wp\/v2\/media\/14204"}],"wp:attachment":[{"href":"https:\/\/kechbureau.ma\/index.php?rest_route=%2Fwp%2Fv2%2Fmedia&parent=14202"}],"wp:term":[{"taxonomy":"product_brand","embeddable":true,"href":"https:\/\/kechbureau.ma\/index.php?rest_route=%2Fwp%2Fv2%2Fproduct_brand&post=14202"},{"taxonomy":"product_cat","embeddable":true,"href":"https:\/\/kechbureau.ma\/index.php?rest_route=%2Fwp%2Fv2%2Fproduct_cat&post=14202"},{"taxonomy":"product_tag","embeddable":true,"href":"https:\/\/kechbureau.ma\/index.php?rest_route=%2Fwp%2Fv2%2Fproduct_tag&post=14202"}],"curies":[{"name":"wp","href":"https:\/\/api.w.org\/{rel}","templated":true}]}}