{"id":13411,"date":"2022-02-20T16:09:18","date_gmt":"2022-02-20T15:09:18","guid":{"rendered":"https:\/\/kechbureau.ma\/?post_type=product&#038;p=13411"},"modified":"2022-02-20T16:09:18","modified_gmt":"2022-02-20T15:09:18","slug":"casque-logitech-h111","status":"publish","type":"product","link":"https:\/\/kechbureau.ma\/?product=casque-logitech-h111","title":{"rendered":"CASQUE LOGITECH H111"},"content":{"rendered":"<ul>\n<li>Le casque professionnel id\u00e9al pour les appels vocaux, Skype, les webinaires et bien plus encore. Le c\u00e2ble de 235 cm (7,71 pieds) est juste \u00e0 la bonne longueur pour vous donner la libert\u00e9 de vous lever et de vous \u00e9tirer lors de longues conversations. Compatible avec la plupart des applications d&#8217;appels vid\u00e9o sur la majorit\u00e9 des plateformes et syst\u00e8mes d&#8217;exploitation,\u00a0fonctionne avec les ordinateurs, smartphones et tablettes,\u00a0prise simple 3,5\u00a0mm.mp\u00e9dance d&#8217;entr\u00e9e: 32\u00a0\u03a9<\/li>\n<\/ul>\n<p>&nbsp;<\/p>\n<p>logitech maroc,marrakech,casablanca,rabat\u2026<\/p>\n","protected":false},"excerpt":{"rendered":"<p>Le casque professionnel id\u00e9al pour les appels vocaux, Skype, les webinaires et bien plus encore. Le c\u00e2ble de 235 cm (7,71 pieds) est juste \u00e0 la bonne longueur pour vous<\/p>\n","protected":false},"featured_media":13413,"comment_status":"open","ping_status":"closed","template":"","meta":{"kk_blocks_editor_width":"","_kiokenblocks_attr":"","_kiokenblocks_dimensions":""},"product_brand":[],"product_cat":[632,630],"product_tag":[],"class_list":{"0":"post-13411","1":"product","2":"type-product","3":"status-publish","4":"has-post-thumbnail","6":"product_cat-claviers-souris","7":"product_cat-peripheriques","9":"first","10":"instock","11":"sale","12":"taxable","13":"shipping-taxable","14":"purchasable","15":"product-type-simple"},"yoast_head":"<!-- This site is optimized with the Yoast SEO plugin v27.5 - https:\/\/yoast.com\/product\/yoast-seo-wordpress\/ -->\n<title>CASQUE LOGITECH H111 - KECH BUREAU<\/title>\n<meta name=\"robots\" content=\"index, follow, max-snippet:-1, max-image-preview:large, max-video-preview:-1\" \/>\n<link rel=\"canonical\" href=\"https:\/\/kechbureau.ma\/?product=casque-logitech-h111\" \/>\n<meta property=\"og:locale\" content=\"fr_FR\" \/>\n<meta property=\"og:type\" content=\"article\" \/>\n<meta property=\"og:title\" content=\"CASQUE LOGITECH H111 - KECH BUREAU\" \/>\n<meta property=\"og:description\" content=\"Le casque professionnel id\u00e9al pour les appels vocaux, Skype, les webinaires et bien plus encore. Le c\u00e2ble de 235 cm (7,71 pieds) est juste \u00e0 la bonne longueur pour vous\" \/>\n<meta property=\"og:url\" content=\"https:\/\/kechbureau.ma\/?product=casque-logitech-h111\" \/>\n<meta property=\"og:site_name\" content=\"KECH BUREAU\" \/>\n<meta property=\"og:image\" content=\"https:\/\/kechbureau.ma\/wp-content\/uploads\/2022\/02\/p_1_6_9_6_1696-Logitech-H111-STEREO-HEADSET.jpg\" \/>\n\t<meta property=\"og:image:width\" content=\"1080\" \/>\n\t<meta property=\"og:image:height\" content=\"1080\" \/>\n\t<meta property=\"og:image:type\" content=\"image\/jpeg\" \/>\n<meta name=\"twitter:card\" content=\"summary_large_image\" \/>\n<script type=\"application\/ld+json\" class=\"yoast-schema-graph\">{\"@context\":\"https:\\\/\\\/schema.org\",\"@graph\":[{\"@type\":\"WebPage\",\"@id\":\"https:\\\/\\\/kechbureau.ma\\\/?product=casque-logitech-h111\",\"url\":\"https:\\\/\\\/kechbureau.ma\\\/?product=casque-logitech-h111\",\"name\":\"CASQUE LOGITECH H111 - KECH BUREAU\",\"isPartOf\":{\"@id\":\"https:\\\/\\\/kechbureau.ma\\\/#website\"},\"primaryImageOfPage\":{\"@id\":\"https:\\\/\\\/kechbureau.ma\\\/?product=casque-logitech-h111#primaryimage\"},\"image\":{\"@id\":\"https:\\\/\\\/kechbureau.ma\\\/?product=casque-logitech-h111#primaryimage\"},\"thumbnailUrl\":\"https:\\\/\\\/kechbureau.ma\\\/wp-content\\\/uploads\\\/2022\\\/02\\\/p_1_6_9_6_1696-Logitech-H111-STEREO-HEADSET.jpg\",\"datePublished\":\"2022-02-20T15:09:18+00:00\",\"breadcrumb\":{\"@id\":\"https:\\\/\\\/kechbureau.ma\\\/?product=casque-logitech-h111#breadcrumb\"},\"inLanguage\":\"fr-FR\",\"potentialAction\":[{\"@type\":\"ReadAction\",\"target\":[\"https:\\\/\\\/kechbureau.ma\\\/?product=casque-logitech-h111\"]}]},{\"@type\":\"ImageObject\",\"inLanguage\":\"fr-FR\",\"@id\":\"https:\\\/\\\/kechbureau.ma\\\/?product=casque-logitech-h111#primaryimage\",\"url\":\"https:\\\/\\\/kechbureau.ma\\\/wp-content\\\/uploads\\\/2022\\\/02\\\/p_1_6_9_6_1696-Logitech-H111-STEREO-HEADSET.jpg\",\"contentUrl\":\"https:\\\/\\\/kechbureau.ma\\\/wp-content\\\/uploads\\\/2022\\\/02\\\/p_1_6_9_6_1696-Logitech-H111-STEREO-HEADSET.jpg\",\"width\":1080,\"height\":1080},{\"@type\":\"BreadcrumbList\",\"@id\":\"https:\\\/\\\/kechbureau.ma\\\/?product=casque-logitech-h111#breadcrumb\",\"itemListElement\":[{\"@type\":\"ListItem\",\"position\":1,\"name\":\"Accueil\",\"item\":\"https:\\\/\\\/kechbureau.ma\\\/\"},{\"@type\":\"ListItem\",\"position\":2,\"name\":\"Shop\",\"item\":\"https:\\\/\\\/kechbureau.ma\\\/?page_id=3853\"},{\"@type\":\"ListItem\",\"position\":3,\"name\":\"CASQUE LOGITECH H111\"}]},{\"@type\":\"WebSite\",\"@id\":\"https:\\\/\\\/kechbureau.ma\\\/#website\",\"url\":\"https:\\\/\\\/kechbureau.ma\\\/\",\"name\":\"KECH BUREAU\",\"description\":\"MARRAKECH BUREAU\",\"potentialAction\":[{\"@type\":\"SearchAction\",\"target\":{\"@type\":\"EntryPoint\",\"urlTemplate\":\"https:\\\/\\\/kechbureau.ma\\\/?s={search_term_string}\"},\"query-input\":{\"@type\":\"PropertyValueSpecification\",\"valueRequired\":true,\"valueName\":\"search_term_string\"}}],\"inLanguage\":\"fr-FR\"}]}<\/script>\n<!-- \/ Yoast SEO plugin. -->","yoast_head_json":{"title":"CASQUE LOGITECH H111 - KECH BUREAU","robots":{"index":"index","follow":"follow","max-snippet":"max-snippet:-1","max-image-preview":"max-image-preview:large","max-video-preview":"max-video-preview:-1"},"canonical":"https:\/\/kechbureau.ma\/?product=casque-logitech-h111","og_locale":"fr_FR","og_type":"article","og_title":"CASQUE LOGITECH H111 - KECH BUREAU","og_description":"Le casque professionnel id\u00e9al pour les appels vocaux, Skype, les webinaires et bien plus encore. Le c\u00e2ble de 235 cm (7,71 pieds) est juste \u00e0 la bonne longueur pour vous","og_url":"https:\/\/kechbureau.ma\/?product=casque-logitech-h111","og_site_name":"KECH BUREAU","og_image":[{"width":1080,"height":1080,"url":"https:\/\/kechbureau.ma\/wp-content\/uploads\/2022\/02\/p_1_6_9_6_1696-Logitech-H111-STEREO-HEADSET.jpg","type":"image\/jpeg"}],"twitter_card":"summary_large_image","schema":{"@context":"https:\/\/schema.org","@graph":[{"@type":"WebPage","@id":"https:\/\/kechbureau.ma\/?product=casque-logitech-h111","url":"https:\/\/kechbureau.ma\/?product=casque-logitech-h111","name":"CASQUE LOGITECH H111 - KECH BUREAU","isPartOf":{"@id":"https:\/\/kechbureau.ma\/#website"},"primaryImageOfPage":{"@id":"https:\/\/kechbureau.ma\/?product=casque-logitech-h111#primaryimage"},"image":{"@id":"https:\/\/kechbureau.ma\/?product=casque-logitech-h111#primaryimage"},"thumbnailUrl":"https:\/\/kechbureau.ma\/wp-content\/uploads\/2022\/02\/p_1_6_9_6_1696-Logitech-H111-STEREO-HEADSET.jpg","datePublished":"2022-02-20T15:09:18+00:00","breadcrumb":{"@id":"https:\/\/kechbureau.ma\/?product=casque-logitech-h111#breadcrumb"},"inLanguage":"fr-FR","potentialAction":[{"@type":"ReadAction","target":["https:\/\/kechbureau.ma\/?product=casque-logitech-h111"]}]},{"@type":"ImageObject","inLanguage":"fr-FR","@id":"https:\/\/kechbureau.ma\/?product=casque-logitech-h111#primaryimage","url":"https:\/\/kechbureau.ma\/wp-content\/uploads\/2022\/02\/p_1_6_9_6_1696-Logitech-H111-STEREO-HEADSET.jpg","contentUrl":"https:\/\/kechbureau.ma\/wp-content\/uploads\/2022\/02\/p_1_6_9_6_1696-Logitech-H111-STEREO-HEADSET.jpg","width":1080,"height":1080},{"@type":"BreadcrumbList","@id":"https:\/\/kechbureau.ma\/?product=casque-logitech-h111#breadcrumb","itemListElement":[{"@type":"ListItem","position":1,"name":"Accueil","item":"https:\/\/kechbureau.ma\/"},{"@type":"ListItem","position":2,"name":"Shop","item":"https:\/\/kechbureau.ma\/?page_id=3853"},{"@type":"ListItem","position":3,"name":"CASQUE LOGITECH H111"}]},{"@type":"WebSite","@id":"https:\/\/kechbureau.ma\/#website","url":"https:\/\/kechbureau.ma\/","name":"KECH BUREAU","description":"MARRAKECH BUREAU","potentialAction":[{"@type":"SearchAction","target":{"@type":"EntryPoint","urlTemplate":"https:\/\/kechbureau.ma\/?s={search_term_string}"},"query-input":{"@type":"PropertyValueSpecification","valueRequired":true,"valueName":"search_term_string"}}],"inLanguage":"fr-FR"}]}},"_links":{"self":[{"href":"https:\/\/kechbureau.ma\/index.php?rest_route=\/wp\/v2\/product\/13411","targetHints":{"allow":["GET"]}}],"collection":[{"href":"https:\/\/kechbureau.ma\/index.php?rest_route=\/wp\/v2\/product"}],"about":[{"href":"https:\/\/kechbureau.ma\/index.php?rest_route=\/wp\/v2\/types\/product"}],"replies":[{"embeddable":true,"href":"https:\/\/kechbureau.ma\/index.php?rest_route=%2Fwp%2Fv2%2Fcomments&post=13411"}],"wp:featuredmedia":[{"embeddable":true,"href":"https:\/\/kechbureau.ma\/index.php?rest_route=\/wp\/v2\/media\/13413"}],"wp:attachment":[{"href":"https:\/\/kechbureau.ma\/index.php?rest_route=%2Fwp%2Fv2%2Fmedia&parent=13411"}],"wp:term":[{"taxonomy":"product_brand","embeddable":true,"href":"https:\/\/kechbureau.ma\/index.php?rest_route=%2Fwp%2Fv2%2Fproduct_brand&post=13411"},{"taxonomy":"product_cat","embeddable":true,"href":"https:\/\/kechbureau.ma\/index.php?rest_route=%2Fwp%2Fv2%2Fproduct_cat&post=13411"},{"taxonomy":"product_tag","embeddable":true,"href":"https:\/\/kechbureau.ma\/index.php?rest_route=%2Fwp%2Fv2%2Fproduct_tag&post=13411"}],"curies":[{"name":"wp","href":"https:\/\/api.w.org\/{rel}","templated":true}]}}