{"id":13232,"date":"2022-01-29T22:58:07","date_gmt":"2022-01-29T21:58:07","guid":{"rendered":"https:\/\/kechbureau.ma\/?post_type=product&#038;p=13232"},"modified":"2022-01-29T22:58:58","modified_gmt":"2022-01-29T21:58:58","slug":"camera-5mp-dahua-avec-audio-hac-hdw1500tlmqp-a","status":"publish","type":"product","link":"https:\/\/kechbureau.ma\/?product=camera-5mp-dahua-avec-audio-hac-hdw1500tlmqp-a","title":{"rendered":"CAMERA 5MP DAHUA AVEC AUDIO HAC-HDW1500TLMQP-A"},"content":{"rendered":"<h1><strong>Cam\u00e9ra infrarouge rapide \u00e0 installer Starlight HDCVI 5MP<\/strong><\/h1>\n<ul>\n<li>Max 25 fps @ 5MP (sortie vid\u00e9o 16: 9)<\/li>\n<li>Commutable CVI \/ CVBS \/ AHD \/ TVI<\/li>\n<li>Objectif fixe 3,6 mm (2,8 mm en option)<\/li>\n<li>Micro int\u00e9gr\u00e9 (-A)<\/li>\n<li>Max. Longueur IR 30 m, Smart IR<\/li>\n<li>IP67, DC12V<\/li>\n<\/ul>\n","protected":false},"excerpt":{"rendered":"<p>Cam\u00e9ra infrarouge rapide \u00e0 installer Starlight HDCVI 5MP Max 25 fps @ 5MP (sortie vid\u00e9o 16: 9) Commutable CVI \/ CVBS \/ AHD \/ TVI Objectif fixe 3,6 mm (2,8<\/p>\n","protected":false},"featured_media":13234,"comment_status":"open","ping_status":"closed","template":"","meta":{"kk_blocks_editor_width":"","_kiokenblocks_attr":"","_kiokenblocks_dimensions":""},"product_brand":[],"product_cat":[718,532],"product_tag":[],"class_list":{"0":"post-13232","1":"product","2":"type-product","3":"status-publish","4":"has-post-thumbnail","6":"product_cat-camera-audio","7":"product_cat-video-surveillance","9":"first","10":"instock","11":"taxable","12":"shipping-taxable","13":"purchasable","14":"product-type-simple"},"yoast_head":"<!-- This site is optimized with the Yoast SEO plugin v27.5 - https:\/\/yoast.com\/product\/yoast-seo-wordpress\/ -->\n<title>CAMERA 5MP DAHUA AVEC AUDIO HAC-HDW1500TLMQP-A - KECH BUREAU<\/title>\n<meta name=\"robots\" content=\"index, follow, max-snippet:-1, max-image-preview:large, max-video-preview:-1\" \/>\n<link rel=\"canonical\" href=\"https:\/\/kechbureau.ma\/?product=camera-5mp-dahua-avec-audio-hac-hdw1500tlmqp-a\" \/>\n<meta property=\"og:locale\" content=\"fr_FR\" \/>\n<meta property=\"og:type\" content=\"article\" \/>\n<meta property=\"og:title\" content=\"CAMERA 5MP DAHUA AVEC AUDIO HAC-HDW1500TLMQP-A - KECH BUREAU\" \/>\n<meta property=\"og:description\" content=\"Cam\u00e9ra infrarouge rapide \u00e0 installer Starlight HDCVI 5MP Max 25 fps @ 5MP (sortie vid\u00e9o 16: 9) Commutable CVI \/ CVBS \/ AHD \/ TVI Objectif fixe 3,6 mm (2,8\" \/>\n<meta property=\"og:url\" content=\"https:\/\/kechbureau.ma\/?product=camera-5mp-dahua-avec-audio-hac-hdw1500tlmqp-a\" \/>\n<meta property=\"og:site_name\" content=\"KECH BUREAU\" \/>\n<meta property=\"article:modified_time\" content=\"2022-01-29T21:58:58+00:00\" \/>\n<meta property=\"og:image\" content=\"https:\/\/kechbureau.ma\/wp-content\/uploads\/2022\/01\/dh-hac-hdw1500tlmqp-a-poc-0280b-s2.jpg\" \/>\n\t<meta property=\"og:image:width\" content=\"800\" \/>\n\t<meta property=\"og:image:height\" content=\"800\" \/>\n\t<meta property=\"og:image:type\" content=\"image\/jpeg\" \/>\n<meta name=\"twitter:card\" content=\"summary_large_image\" \/>\n<script type=\"application\/ld+json\" class=\"yoast-schema-graph\">{\"@context\":\"https:\\\/\\\/schema.org\",\"@graph\":[{\"@type\":\"WebPage\",\"@id\":\"https:\\\/\\\/kechbureau.ma\\\/?product=camera-5mp-dahua-avec-audio-hac-hdw1500tlmqp-a\",\"url\":\"https:\\\/\\\/kechbureau.ma\\\/?product=camera-5mp-dahua-avec-audio-hac-hdw1500tlmqp-a\",\"name\":\"CAMERA 5MP DAHUA AVEC AUDIO HAC-HDW1500TLMQP-A - KECH BUREAU\",\"isPartOf\":{\"@id\":\"https:\\\/\\\/kechbureau.ma\\\/#website\"},\"primaryImageOfPage\":{\"@id\":\"https:\\\/\\\/kechbureau.ma\\\/?product=camera-5mp-dahua-avec-audio-hac-hdw1500tlmqp-a#primaryimage\"},\"image\":{\"@id\":\"https:\\\/\\\/kechbureau.ma\\\/?product=camera-5mp-dahua-avec-audio-hac-hdw1500tlmqp-a#primaryimage\"},\"thumbnailUrl\":\"https:\\\/\\\/kechbureau.ma\\\/wp-content\\\/uploads\\\/2022\\\/01\\\/dh-hac-hdw1500tlmqp-a-poc-0280b-s2.jpg\",\"datePublished\":\"2022-01-29T21:58:07+00:00\",\"dateModified\":\"2022-01-29T21:58:58+00:00\",\"breadcrumb\":{\"@id\":\"https:\\\/\\\/kechbureau.ma\\\/?product=camera-5mp-dahua-avec-audio-hac-hdw1500tlmqp-a#breadcrumb\"},\"inLanguage\":\"fr-FR\",\"potentialAction\":[{\"@type\":\"ReadAction\",\"target\":[\"https:\\\/\\\/kechbureau.ma\\\/?product=camera-5mp-dahua-avec-audio-hac-hdw1500tlmqp-a\"]}]},{\"@type\":\"ImageObject\",\"inLanguage\":\"fr-FR\",\"@id\":\"https:\\\/\\\/kechbureau.ma\\\/?product=camera-5mp-dahua-avec-audio-hac-hdw1500tlmqp-a#primaryimage\",\"url\":\"https:\\\/\\\/kechbureau.ma\\\/wp-content\\\/uploads\\\/2022\\\/01\\\/dh-hac-hdw1500tlmqp-a-poc-0280b-s2.jpg\",\"contentUrl\":\"https:\\\/\\\/kechbureau.ma\\\/wp-content\\\/uploads\\\/2022\\\/01\\\/dh-hac-hdw1500tlmqp-a-poc-0280b-s2.jpg\",\"width\":800,\"height\":800},{\"@type\":\"BreadcrumbList\",\"@id\":\"https:\\\/\\\/kechbureau.ma\\\/?product=camera-5mp-dahua-avec-audio-hac-hdw1500tlmqp-a#breadcrumb\",\"itemListElement\":[{\"@type\":\"ListItem\",\"position\":1,\"name\":\"Accueil\",\"item\":\"https:\\\/\\\/kechbureau.ma\\\/\"},{\"@type\":\"ListItem\",\"position\":2,\"name\":\"Shop\",\"item\":\"https:\\\/\\\/kechbureau.ma\\\/?page_id=3853\"},{\"@type\":\"ListItem\",\"position\":3,\"name\":\"CAMERA 5MP DAHUA AVEC AUDIO HAC-HDW1500TLMQP-A\"}]},{\"@type\":\"WebSite\",\"@id\":\"https:\\\/\\\/kechbureau.ma\\\/#website\",\"url\":\"https:\\\/\\\/kechbureau.ma\\\/\",\"name\":\"KECH BUREAU\",\"description\":\"MARRAKECH BUREAU\",\"potentialAction\":[{\"@type\":\"SearchAction\",\"target\":{\"@type\":\"EntryPoint\",\"urlTemplate\":\"https:\\\/\\\/kechbureau.ma\\\/?s={search_term_string}\"},\"query-input\":{\"@type\":\"PropertyValueSpecification\",\"valueRequired\":true,\"valueName\":\"search_term_string\"}}],\"inLanguage\":\"fr-FR\"}]}<\/script>\n<!-- \/ Yoast SEO plugin. -->","yoast_head_json":{"title":"CAMERA 5MP DAHUA AVEC AUDIO HAC-HDW1500TLMQP-A - KECH BUREAU","robots":{"index":"index","follow":"follow","max-snippet":"max-snippet:-1","max-image-preview":"max-image-preview:large","max-video-preview":"max-video-preview:-1"},"canonical":"https:\/\/kechbureau.ma\/?product=camera-5mp-dahua-avec-audio-hac-hdw1500tlmqp-a","og_locale":"fr_FR","og_type":"article","og_title":"CAMERA 5MP DAHUA AVEC AUDIO HAC-HDW1500TLMQP-A - KECH BUREAU","og_description":"Cam\u00e9ra infrarouge rapide \u00e0 installer Starlight HDCVI 5MP Max 25 fps @ 5MP (sortie vid\u00e9o 16: 9) Commutable CVI \/ CVBS \/ AHD \/ TVI Objectif fixe 3,6 mm (2,8","og_url":"https:\/\/kechbureau.ma\/?product=camera-5mp-dahua-avec-audio-hac-hdw1500tlmqp-a","og_site_name":"KECH BUREAU","article_modified_time":"2022-01-29T21:58:58+00:00","og_image":[{"width":800,"height":800,"url":"https:\/\/kechbureau.ma\/wp-content\/uploads\/2022\/01\/dh-hac-hdw1500tlmqp-a-poc-0280b-s2.jpg","type":"image\/jpeg"}],"twitter_card":"summary_large_image","schema":{"@context":"https:\/\/schema.org","@graph":[{"@type":"WebPage","@id":"https:\/\/kechbureau.ma\/?product=camera-5mp-dahua-avec-audio-hac-hdw1500tlmqp-a","url":"https:\/\/kechbureau.ma\/?product=camera-5mp-dahua-avec-audio-hac-hdw1500tlmqp-a","name":"CAMERA 5MP DAHUA AVEC AUDIO HAC-HDW1500TLMQP-A - KECH BUREAU","isPartOf":{"@id":"https:\/\/kechbureau.ma\/#website"},"primaryImageOfPage":{"@id":"https:\/\/kechbureau.ma\/?product=camera-5mp-dahua-avec-audio-hac-hdw1500tlmqp-a#primaryimage"},"image":{"@id":"https:\/\/kechbureau.ma\/?product=camera-5mp-dahua-avec-audio-hac-hdw1500tlmqp-a#primaryimage"},"thumbnailUrl":"https:\/\/kechbureau.ma\/wp-content\/uploads\/2022\/01\/dh-hac-hdw1500tlmqp-a-poc-0280b-s2.jpg","datePublished":"2022-01-29T21:58:07+00:00","dateModified":"2022-01-29T21:58:58+00:00","breadcrumb":{"@id":"https:\/\/kechbureau.ma\/?product=camera-5mp-dahua-avec-audio-hac-hdw1500tlmqp-a#breadcrumb"},"inLanguage":"fr-FR","potentialAction":[{"@type":"ReadAction","target":["https:\/\/kechbureau.ma\/?product=camera-5mp-dahua-avec-audio-hac-hdw1500tlmqp-a"]}]},{"@type":"ImageObject","inLanguage":"fr-FR","@id":"https:\/\/kechbureau.ma\/?product=camera-5mp-dahua-avec-audio-hac-hdw1500tlmqp-a#primaryimage","url":"https:\/\/kechbureau.ma\/wp-content\/uploads\/2022\/01\/dh-hac-hdw1500tlmqp-a-poc-0280b-s2.jpg","contentUrl":"https:\/\/kechbureau.ma\/wp-content\/uploads\/2022\/01\/dh-hac-hdw1500tlmqp-a-poc-0280b-s2.jpg","width":800,"height":800},{"@type":"BreadcrumbList","@id":"https:\/\/kechbureau.ma\/?product=camera-5mp-dahua-avec-audio-hac-hdw1500tlmqp-a#breadcrumb","itemListElement":[{"@type":"ListItem","position":1,"name":"Accueil","item":"https:\/\/kechbureau.ma\/"},{"@type":"ListItem","position":2,"name":"Shop","item":"https:\/\/kechbureau.ma\/?page_id=3853"},{"@type":"ListItem","position":3,"name":"CAMERA 5MP DAHUA AVEC AUDIO HAC-HDW1500TLMQP-A"}]},{"@type":"WebSite","@id":"https:\/\/kechbureau.ma\/#website","url":"https:\/\/kechbureau.ma\/","name":"KECH BUREAU","description":"MARRAKECH BUREAU","potentialAction":[{"@type":"SearchAction","target":{"@type":"EntryPoint","urlTemplate":"https:\/\/kechbureau.ma\/?s={search_term_string}"},"query-input":{"@type":"PropertyValueSpecification","valueRequired":true,"valueName":"search_term_string"}}],"inLanguage":"fr-FR"}]}},"_links":{"self":[{"href":"https:\/\/kechbureau.ma\/index.php?rest_route=\/wp\/v2\/product\/13232","targetHints":{"allow":["GET"]}}],"collection":[{"href":"https:\/\/kechbureau.ma\/index.php?rest_route=\/wp\/v2\/product"}],"about":[{"href":"https:\/\/kechbureau.ma\/index.php?rest_route=\/wp\/v2\/types\/product"}],"replies":[{"embeddable":true,"href":"https:\/\/kechbureau.ma\/index.php?rest_route=%2Fwp%2Fv2%2Fcomments&post=13232"}],"wp:featuredmedia":[{"embeddable":true,"href":"https:\/\/kechbureau.ma\/index.php?rest_route=\/wp\/v2\/media\/13234"}],"wp:attachment":[{"href":"https:\/\/kechbureau.ma\/index.php?rest_route=%2Fwp%2Fv2%2Fmedia&parent=13232"}],"wp:term":[{"taxonomy":"product_brand","embeddable":true,"href":"https:\/\/kechbureau.ma\/index.php?rest_route=%2Fwp%2Fv2%2Fproduct_brand&post=13232"},{"taxonomy":"product_cat","embeddable":true,"href":"https:\/\/kechbureau.ma\/index.php?rest_route=%2Fwp%2Fv2%2Fproduct_cat&post=13232"},{"taxonomy":"product_tag","embeddable":true,"href":"https:\/\/kechbureau.ma\/index.php?rest_route=%2Fwp%2Fv2%2Fproduct_tag&post=13232"}],"curies":[{"name":"wp","href":"https:\/\/api.w.org\/{rel}","templated":true}]}}