{"id":13127,"date":"2022-01-29T21:18:38","date_gmt":"2022-01-29T20:18:38","guid":{"rendered":"https:\/\/kechbureau.ma\/?post_type=product&#038;p=13127"},"modified":"2022-01-29T21:18:38","modified_gmt":"2022-01-29T20:18:38","slug":"hp-xn374aa-compaq-la2006x-ecran-led-20-occ","status":"publish","type":"product","link":"https:\/\/kechbureau.ma\/?product=hp-xn374aa-compaq-la2006x-ecran-led-20-occ","title":{"rendered":"HP XN374AA &#8211; Compaq LA2006x &#8211; Ecran LED 20&#8243; OCC"},"content":{"rendered":"<h3>Fiche Technique:<\/h3>\n<table style=\"font-weight: inherit; font-style: inherit;\" width=\"560\">\n<tbody style=\"font-weight: inherit; font-style: inherit;\">\n<tr style=\"font-weight: inherit; font-style: inherit;\">\n<td style=\"font-style: inherit;\" width=\"560\">\n<table style=\"font-weight: inherit; font-style: inherit;\">\n<tbody style=\"font-weight: inherit; font-style: inherit;\">\n<tr style=\"font-weight: inherit; font-style: inherit;\">\n<td style=\"font-style: inherit;\" colspan=\"2\" width=\"550\">\n<h5 style=\"font-style: inherit;\">Caract\u00e9ristiques syst\u00e8me<\/h5>\n<\/td>\n<\/tr>\n<tr style=\"font-weight: inherit; font-style: inherit;\">\n<td style=\"font-style: inherit;\" width=\"140\">\n<p style=\"font-weight: inherit; font-style: inherit;\">Taille de l&#8217;\u00e9cran (diagonale)<\/p>\n<\/td>\n<td style=\"font-style: inherit;\" width=\"401\">\n<p style=\"font-weight: inherit; font-style: inherit;\">50,8 cm (20 pouces)<\/p>\n<\/td>\n<\/tr>\n<tr style=\"font-weight: inherit; font-style: inherit;\">\n<td style=\"font-style: inherit;\" width=\"140\">\n<p style=\"font-weight: inherit; font-style: inherit;\">R\u00e9solution de l&#8217;\u00e9cran<\/p>\n<\/td>\n<td style=\"font-style: inherit;\" width=\"401\">\n<p style=\"font-weight: inherit; font-style: inherit;\">1600 x 900<\/p>\n<\/td>\n<\/tr>\n<tr style=\"font-weight: inherit; font-style: inherit;\">\n<td style=\"font-style: inherit;\" width=\"140\">\n<p style=\"font-weight: inherit; font-style: inherit;\">Pas de masque<\/p>\n<\/td>\n<td style=\"font-style: inherit;\" width=\"401\">\n<p style=\"font-weight: inherit; font-style: inherit;\">0,277 mm<\/p>\n<\/td>\n<\/tr>\n<tr style=\"font-weight: inherit; font-style: inherit;\">\n<td style=\"font-style: inherit;\" width=\"140\">\n<p style=\"font-weight: inherit; font-style: inherit;\">Luminosit\u00e9<\/p>\n<\/td>\n<td style=\"font-style: inherit;\" width=\"401\">\n<p style=\"font-weight: inherit; font-style: inherit;\">250 cd\/m\u00b2<\/p>\n<\/td>\n<\/tr>\n<tr style=\"font-weight: inherit; font-style: inherit;\">\n<td style=\"font-style: inherit;\" width=\"140\">\n<p style=\"font-weight: inherit; font-style: inherit;\">Rapport de contraste<\/p>\n<\/td>\n<td style=\"font-style: inherit;\" width=\"401\">\n<p style=\"font-weight: inherit; font-style: inherit;\">1 000:1 ; 1 000 000:1 dynamique<\/p>\n<\/td>\n<\/tr>\n<tr style=\"font-weight: inherit; font-style: inherit;\">\n<td style=\"font-style: inherit;\" width=\"140\">\n<p style=\"font-weight: inherit; font-style: inherit;\">Angle de vue<\/p>\n<\/td>\n<td style=\"font-style: inherit;\" width=\"401\">\n<p style=\"font-weight: inherit; font-style: inherit;\">Horizontal : 170\u00b0 ; Vertical : 160\u00b0<\/p>\n<\/td>\n<\/tr>\n<tr style=\"font-weight: inherit; font-style: inherit;\">\n<td style=\"font-style: inherit;\" width=\"140\">\n<p style=\"font-weight: inherit; font-style: inherit;\">Signal d&#8217;entr\u00e9e<\/p>\n<\/td>\n<td style=\"font-style: inherit;\" width=\"401\">\n<p style=\"font-weight: inherit; font-style: inherit;\">1 VGA ; 1 DVI-D ; 1 DisplayPort<\/p>\n<\/td>\n<\/tr>\n<tr style=\"font-weight: inherit; font-style: inherit;\">\n<td style=\"font-style: inherit;\" width=\"140\">\n<p style=\"font-weight: inherit; font-style: inherit;\">Couleur produit<\/p>\n<\/td>\n<td style=\"font-style: inherit;\" width=\"401\">\n<p style=\"font-weight: inherit; font-style: inherit;\">Noir<\/p>\n<\/td>\n<\/tr>\n<tr style=\"font-weight: inherit; font-style: inherit;\">\n<td style=\"font-style: inherit;\" width=\"140\">\n<p style=\"font-weight: inherit; font-style: inherit;\">Support inclinable sur pivot<\/p>\n<\/td>\n<td style=\"font-style: inherit;\" width=\"401\">\n<p style=\"font-weight: inherit; font-style: inherit;\">Inclinaison : -5 \u00e0 +30\u00b0 ; pivotement : \u00b1360\u00ba<\/p>\n<\/td>\n<\/tr>\n<tr style=\"font-weight: inherit; font-style: inherit;\">\n<td style=\"font-style: inherit;\" width=\"140\">\n<p style=\"font-weight: inherit; font-style: inherit;\">Fonctions d&#8217;affichage<\/p>\n<\/td>\n<td style=\"font-style: inherit;\" width=\"401\">\n<p style=\"font-weight: inherit; font-style: inherit;\">Antistatique ; anti-reflets ; contr\u00f4le de parc ; s\u00e9lection de la langue ; Plug and Play ; programmable par l&#8217;utilisateur ; commandes \u00e0 l&#8217;\u00e9cran<\/p>\n<\/td>\n<\/tr>\n<tr style=\"font-weight: inherit; font-style: inherit;\">\n<td style=\"font-style: inherit;\" width=\"140\">\n<p style=\"font-weight: inherit; font-style: inherit;\">Ports<\/p>\n<\/td>\n<td style=\"font-style: inherit;\" width=\"401\">\n<p style=\"font-weight: inherit; font-style: inherit;\">Hub 2 USB<\/p>\n<\/td>\n<\/tr>\n<tr style=\"font-weight: inherit; font-style: inherit;\">\n<td style=\"font-style: inherit;\" width=\"140\">\n<p style=\"font-weight: inherit; font-style: inherit;\">S\u00e9curit\u00e9 physique<\/p>\n<\/td>\n<td style=\"font-style: inherit;\" width=\"401\">\n<p style=\"font-weight: inherit; font-style: inherit;\">Verrou de s\u00e9curit\u00e9-Pr\u00eat<\/p>\n<\/td>\n<\/tr>\n<\/tbody>\n<\/table>\n<table style=\"font-weight: inherit; font-style: inherit;\">\n<tbody style=\"font-weight: inherit; font-style: inherit;\">\n<tr style=\"font-weight: inherit; font-style: inherit;\">\n<td style=\"font-style: inherit;\" colspan=\"2\" width=\"550\">\n<h5 style=\"font-style: inherit;\">Dimensions et poids<\/h5>\n<\/td>\n<\/tr>\n<tr style=\"font-weight: inherit; font-style: inherit;\">\n<td style=\"font-style: inherit;\" width=\"140\">\n<p style=\"font-weight: inherit; font-style: inherit;\">Poids<\/p>\n<\/td>\n<td style=\"font-style: inherit;\" width=\"401\">\n<p style=\"font-weight: inherit; font-style: inherit;\">5,48 kg<\/p>\n<\/td>\n<\/tr>\n<tr style=\"font-weight: inherit; font-style: inherit;\">\n<td style=\"font-style: inherit;\" width=\"140\">\n<p style=\"font-weight: inherit; font-style: inherit;\">Dimensions minimales (L x P x H)<\/p>\n<\/td>\n<td style=\"font-style: inherit;\" width=\"401\">\n<p style=\"font-weight: inherit; font-style: inherit;\">48,36 x 4,75 x 29,57 cm<\/p>\n<\/td>\n<\/tr>\n<tr style=\"font-weight: inherit; font-style: inherit;\">\n<td style=\"font-style: inherit;\" width=\"140\">\n<p style=\"font-weight: inherit; font-style: inherit;\">Dimensions du produit avec socle (L x P x H)<\/p>\n<\/td>\n<td style=\"font-style: inherit;\" width=\"401\">\n<p style=\"font-weight: inherit; font-style: inherit;\">48,36 x 21,13 x 31,63 cm<\/p>\n<\/td>\n<\/tr>\n<\/tbody>\n<\/table>\n<table style=\"font-weight: inherit; font-style: inherit;\">\n<tbody style=\"font-weight: inherit; font-style: inherit;\">\n<tr style=\"font-weight: inherit; font-style: inherit;\">\n<td style=\"font-style: inherit;\" colspan=\"2\" width=\"550\">\n<h5 style=\"font-style: inherit;\">Sp\u00e9cifications d&#8217;alimentation et de fonctionnement<\/h5>\n<\/td>\n<\/tr>\n<tr style=\"font-weight: inherit; font-style: inherit;\">\n<td style=\"font-style: inherit;\" width=\"140\">\n<p style=\"font-weight: inherit; font-style: inherit;\">Alimentation<\/p>\n<\/td>\n<td style=\"font-style: inherit;\" width=\"401\">\n<p style=\"font-weight: inherit; font-style: inherit;\">Tension d&#8217;entr\u00e9e : 100 \u00e0 240 V CA<\/p>\n<\/td>\n<\/tr>\n<tr style=\"font-weight: inherit; font-style: inherit;\">\n<td style=\"font-style: inherit;\" width=\"140\">\n<p style=\"font-weight: inherit; font-style: inherit;\">Consommation \u00e9lectrique<\/p>\n<\/td>\n<td style=\"font-style: inherit;\" width=\"401\">\n<p style=\"font-weight: inherit; font-style: inherit;\">34 W maximum ; 26 W standard<\/p>\n<\/td>\n<\/tr>\n<tr style=\"font-weight: inherit; font-style: inherit;\">\n<td style=\"font-style: inherit;\" width=\"140\">\n<p style=\"font-weight: inherit; font-style: inherit;\">Consommation d&#8217;\u00e9nergie (veille)<\/p>\n<\/td>\n<td style=\"font-style: inherit;\" width=\"401\">\n<p style=\"font-weight: inherit; font-style: inherit;\">&lt; 0,5 W<\/p>\n<\/td>\n<\/tr>\n<tr style=\"font-weight: inherit; font-style: inherit;\">\n<td style=\"font-style: inherit;\" width=\"140\">\n<p style=\"font-weight: inherit; font-style: inherit;\">Plage de temp\u00e9ratures en fonctionnement<\/p>\n<\/td>\n<td style=\"font-style: inherit;\" width=\"401\">\n<p style=\"font-weight: inherit; font-style: inherit;\">5 \u00e0 35\u00b0C<\/p>\n<\/td>\n<\/tr>\n<tr style=\"font-weight: inherit; font-style: inherit;\">\n<td style=\"font-style: inherit;\" width=\"140\">\n<p style=\"font-weight: inherit; font-style: inherit;\">Plage d&#8217;humidit\u00e9 de fonctionnement<\/p>\n<\/td>\n<td style=\"font-style: inherit;\" width=\"401\">\n<p style=\"font-weight: inherit; font-style: inherit;\">20 \u00e0 80% HR<\/p>\n<\/td>\n<\/tr>\n<tr style=\"font-weight: inherit; font-style: inherit;\">\n<td style=\"font-style: inherit;\" width=\"140\">\n<p style=\"font-weight: inherit; font-style: inherit;\">Performance \u00e9nerg\u00e9tique<\/p>\n<\/td>\n<td style=\"font-style: inherit;\" width=\"401\">\n<p style=\"font-weight: inherit; font-style: inherit;\"><span style=\"font-weight: inherit; font-style: inherit;\">Certifi\u00e9 ENERGY STAR\u00ae ; EPEAT Gold\u00ae<\/span><\/p>\n<\/td>\n<\/tr>\n<\/tbody>\n<\/table>\n<\/td>\n<\/tr>\n<\/tbody>\n<\/table>\n","protected":false},"excerpt":{"rendered":"<p>Fiche Technique: Caract\u00e9ristiques syst\u00e8me Taille de l&#8217;\u00e9cran (diagonale) 50,8 cm (20 pouces) R\u00e9solution de l&#8217;\u00e9cran 1600 x 900 Pas de masque 0,277 mm Luminosit\u00e9 250 cd\/m\u00b2 Rapport de contraste 1<\/p>\n","protected":false},"featured_media":13128,"comment_status":"open","ping_status":"closed","template":"","meta":{"kk_blocks_editor_width":"","_kiokenblocks_attr":"","_kiokenblocks_dimensions":""},"product_brand":[],"product_cat":[633],"product_tag":[],"class_list":{"0":"post-13127","1":"product","2":"type-product","3":"status-publish","4":"has-post-thumbnail","6":"product_cat-moniteurs","8":"first","9":"instock","10":"taxable","11":"shipping-taxable","12":"purchasable","13":"product-type-simple"},"yoast_head":"<!-- This site is optimized with the Yoast SEO plugin v27.3 - https:\/\/yoast.com\/product\/yoast-seo-wordpress\/ -->\n<title>HP XN374AA - Compaq LA2006x - Ecran LED 20&quot; OCC - KECH BUREAU<\/title>\n<meta name=\"robots\" content=\"index, follow, max-snippet:-1, max-image-preview:large, max-video-preview:-1\" \/>\n<link rel=\"canonical\" href=\"https:\/\/kechbureau.ma\/?product=hp-xn374aa-compaq-la2006x-ecran-led-20-occ\" \/>\n<meta property=\"og:locale\" content=\"fr_FR\" \/>\n<meta property=\"og:type\" content=\"article\" \/>\n<meta property=\"og:title\" content=\"HP XN374AA - Compaq LA2006x - Ecran LED 20&quot; OCC - KECH BUREAU\" \/>\n<meta property=\"og:description\" content=\"Fiche Technique: Caract\u00e9ristiques syst\u00e8me Taille de l&#8217;\u00e9cran (diagonale) 50,8 cm (20 pouces) R\u00e9solution de l&#8217;\u00e9cran 1600 x 900 Pas de masque 0,277 mm Luminosit\u00e9 250 cd\/m\u00b2 Rapport de contraste 1\" \/>\n<meta property=\"og:url\" content=\"https:\/\/kechbureau.ma\/?product=hp-xn374aa-compaq-la2006x-ecran-led-20-occ\" \/>\n<meta property=\"og:site_name\" content=\"KECH BUREAU\" \/>\n<meta property=\"og:image\" content=\"https:\/\/kechbureau.ma\/wp-content\/uploads\/2022\/01\/HP-Compaq-LA2006x-Remis-a-Neuf-1600-x-900-VGA-DisplayPort-DVI-D-stationdetravail.ma-maroc-computer-workstation-gamer-gam-1.jpg\" \/>\n\t<meta property=\"og:image:width\" content=\"680\" \/>\n\t<meta property=\"og:image:height\" content=\"850\" \/>\n\t<meta property=\"og:image:type\" content=\"image\/jpeg\" \/>\n<meta name=\"twitter:card\" content=\"summary_large_image\" \/>\n<meta name=\"twitter:label1\" content=\"Dur\u00e9e de lecture estim\u00e9e\" \/>\n\t<meta name=\"twitter:data1\" content=\"1 minute\" \/>\n<script type=\"application\/ld+json\" class=\"yoast-schema-graph\">{\"@context\":\"https:\\\/\\\/schema.org\",\"@graph\":[{\"@type\":\"WebPage\",\"@id\":\"https:\\\/\\\/kechbureau.ma\\\/?product=hp-xn374aa-compaq-la2006x-ecran-led-20-occ\",\"url\":\"https:\\\/\\\/kechbureau.ma\\\/?product=hp-xn374aa-compaq-la2006x-ecran-led-20-occ\",\"name\":\"HP XN374AA - Compaq LA2006x - Ecran LED 20\\\" OCC - KECH BUREAU\",\"isPartOf\":{\"@id\":\"https:\\\/\\\/kechbureau.ma\\\/#website\"},\"primaryImageOfPage\":{\"@id\":\"https:\\\/\\\/kechbureau.ma\\\/?product=hp-xn374aa-compaq-la2006x-ecran-led-20-occ#primaryimage\"},\"image\":{\"@id\":\"https:\\\/\\\/kechbureau.ma\\\/?product=hp-xn374aa-compaq-la2006x-ecran-led-20-occ#primaryimage\"},\"thumbnailUrl\":\"https:\\\/\\\/kechbureau.ma\\\/wp-content\\\/uploads\\\/2022\\\/01\\\/HP-Compaq-LA2006x-Remis-a-Neuf-1600-x-900-VGA-DisplayPort-DVI-D-stationdetravail.ma-maroc-computer-workstation-gamer-gam-1.jpg\",\"datePublished\":\"2022-01-29T20:18:38+00:00\",\"breadcrumb\":{\"@id\":\"https:\\\/\\\/kechbureau.ma\\\/?product=hp-xn374aa-compaq-la2006x-ecran-led-20-occ#breadcrumb\"},\"inLanguage\":\"fr-FR\",\"potentialAction\":[{\"@type\":\"ReadAction\",\"target\":[\"https:\\\/\\\/kechbureau.ma\\\/?product=hp-xn374aa-compaq-la2006x-ecran-led-20-occ\"]}]},{\"@type\":\"ImageObject\",\"inLanguage\":\"fr-FR\",\"@id\":\"https:\\\/\\\/kechbureau.ma\\\/?product=hp-xn374aa-compaq-la2006x-ecran-led-20-occ#primaryimage\",\"url\":\"https:\\\/\\\/kechbureau.ma\\\/wp-content\\\/uploads\\\/2022\\\/01\\\/HP-Compaq-LA2006x-Remis-a-Neuf-1600-x-900-VGA-DisplayPort-DVI-D-stationdetravail.ma-maroc-computer-workstation-gamer-gam-1.jpg\",\"contentUrl\":\"https:\\\/\\\/kechbureau.ma\\\/wp-content\\\/uploads\\\/2022\\\/01\\\/HP-Compaq-LA2006x-Remis-a-Neuf-1600-x-900-VGA-DisplayPort-DVI-D-stationdetravail.ma-maroc-computer-workstation-gamer-gam-1.jpg\",\"width\":680,\"height\":850},{\"@type\":\"BreadcrumbList\",\"@id\":\"https:\\\/\\\/kechbureau.ma\\\/?product=hp-xn374aa-compaq-la2006x-ecran-led-20-occ#breadcrumb\",\"itemListElement\":[{\"@type\":\"ListItem\",\"position\":1,\"name\":\"Accueil\",\"item\":\"https:\\\/\\\/kechbureau.ma\\\/\"},{\"@type\":\"ListItem\",\"position\":2,\"name\":\"Shop\",\"item\":\"https:\\\/\\\/kechbureau.ma\\\/?page_id=3853\"},{\"@type\":\"ListItem\",\"position\":3,\"name\":\"HP XN374AA &#8211; Compaq LA2006x &#8211; Ecran LED 20&#8243; OCC\"}]},{\"@type\":\"WebSite\",\"@id\":\"https:\\\/\\\/kechbureau.ma\\\/#website\",\"url\":\"https:\\\/\\\/kechbureau.ma\\\/\",\"name\":\"KECH BUREAU\",\"description\":\"MARRAKECH BUREAU\",\"potentialAction\":[{\"@type\":\"SearchAction\",\"target\":{\"@type\":\"EntryPoint\",\"urlTemplate\":\"https:\\\/\\\/kechbureau.ma\\\/?s={search_term_string}\"},\"query-input\":{\"@type\":\"PropertyValueSpecification\",\"valueRequired\":true,\"valueName\":\"search_term_string\"}}],\"inLanguage\":\"fr-FR\"}]}<\/script>\n<!-- \/ Yoast SEO plugin. -->","yoast_head_json":{"title":"HP XN374AA - Compaq LA2006x - Ecran LED 20\" OCC - KECH BUREAU","robots":{"index":"index","follow":"follow","max-snippet":"max-snippet:-1","max-image-preview":"max-image-preview:large","max-video-preview":"max-video-preview:-1"},"canonical":"https:\/\/kechbureau.ma\/?product=hp-xn374aa-compaq-la2006x-ecran-led-20-occ","og_locale":"fr_FR","og_type":"article","og_title":"HP XN374AA - Compaq LA2006x - Ecran LED 20\" OCC - KECH BUREAU","og_description":"Fiche Technique: Caract\u00e9ristiques syst\u00e8me Taille de l&#8217;\u00e9cran (diagonale) 50,8 cm (20 pouces) R\u00e9solution de l&#8217;\u00e9cran 1600 x 900 Pas de masque 0,277 mm Luminosit\u00e9 250 cd\/m\u00b2 Rapport de contraste 1","og_url":"https:\/\/kechbureau.ma\/?product=hp-xn374aa-compaq-la2006x-ecran-led-20-occ","og_site_name":"KECH BUREAU","og_image":[{"width":680,"height":850,"url":"https:\/\/kechbureau.ma\/wp-content\/uploads\/2022\/01\/HP-Compaq-LA2006x-Remis-a-Neuf-1600-x-900-VGA-DisplayPort-DVI-D-stationdetravail.ma-maroc-computer-workstation-gamer-gam-1.jpg","type":"image\/jpeg"}],"twitter_card":"summary_large_image","twitter_misc":{"Dur\u00e9e de lecture estim\u00e9e":"1 minute"},"schema":{"@context":"https:\/\/schema.org","@graph":[{"@type":"WebPage","@id":"https:\/\/kechbureau.ma\/?product=hp-xn374aa-compaq-la2006x-ecran-led-20-occ","url":"https:\/\/kechbureau.ma\/?product=hp-xn374aa-compaq-la2006x-ecran-led-20-occ","name":"HP XN374AA - Compaq LA2006x - Ecran LED 20\" OCC - KECH BUREAU","isPartOf":{"@id":"https:\/\/kechbureau.ma\/#website"},"primaryImageOfPage":{"@id":"https:\/\/kechbureau.ma\/?product=hp-xn374aa-compaq-la2006x-ecran-led-20-occ#primaryimage"},"image":{"@id":"https:\/\/kechbureau.ma\/?product=hp-xn374aa-compaq-la2006x-ecran-led-20-occ#primaryimage"},"thumbnailUrl":"https:\/\/kechbureau.ma\/wp-content\/uploads\/2022\/01\/HP-Compaq-LA2006x-Remis-a-Neuf-1600-x-900-VGA-DisplayPort-DVI-D-stationdetravail.ma-maroc-computer-workstation-gamer-gam-1.jpg","datePublished":"2022-01-29T20:18:38+00:00","breadcrumb":{"@id":"https:\/\/kechbureau.ma\/?product=hp-xn374aa-compaq-la2006x-ecran-led-20-occ#breadcrumb"},"inLanguage":"fr-FR","potentialAction":[{"@type":"ReadAction","target":["https:\/\/kechbureau.ma\/?product=hp-xn374aa-compaq-la2006x-ecran-led-20-occ"]}]},{"@type":"ImageObject","inLanguage":"fr-FR","@id":"https:\/\/kechbureau.ma\/?product=hp-xn374aa-compaq-la2006x-ecran-led-20-occ#primaryimage","url":"https:\/\/kechbureau.ma\/wp-content\/uploads\/2022\/01\/HP-Compaq-LA2006x-Remis-a-Neuf-1600-x-900-VGA-DisplayPort-DVI-D-stationdetravail.ma-maroc-computer-workstation-gamer-gam-1.jpg","contentUrl":"https:\/\/kechbureau.ma\/wp-content\/uploads\/2022\/01\/HP-Compaq-LA2006x-Remis-a-Neuf-1600-x-900-VGA-DisplayPort-DVI-D-stationdetravail.ma-maroc-computer-workstation-gamer-gam-1.jpg","width":680,"height":850},{"@type":"BreadcrumbList","@id":"https:\/\/kechbureau.ma\/?product=hp-xn374aa-compaq-la2006x-ecran-led-20-occ#breadcrumb","itemListElement":[{"@type":"ListItem","position":1,"name":"Accueil","item":"https:\/\/kechbureau.ma\/"},{"@type":"ListItem","position":2,"name":"Shop","item":"https:\/\/kechbureau.ma\/?page_id=3853"},{"@type":"ListItem","position":3,"name":"HP XN374AA &#8211; Compaq LA2006x &#8211; Ecran LED 20&#8243; OCC"}]},{"@type":"WebSite","@id":"https:\/\/kechbureau.ma\/#website","url":"https:\/\/kechbureau.ma\/","name":"KECH BUREAU","description":"MARRAKECH BUREAU","potentialAction":[{"@type":"SearchAction","target":{"@type":"EntryPoint","urlTemplate":"https:\/\/kechbureau.ma\/?s={search_term_string}"},"query-input":{"@type":"PropertyValueSpecification","valueRequired":true,"valueName":"search_term_string"}}],"inLanguage":"fr-FR"}]}},"_links":{"self":[{"href":"https:\/\/kechbureau.ma\/index.php?rest_route=\/wp\/v2\/product\/13127","targetHints":{"allow":["GET"]}}],"collection":[{"href":"https:\/\/kechbureau.ma\/index.php?rest_route=\/wp\/v2\/product"}],"about":[{"href":"https:\/\/kechbureau.ma\/index.php?rest_route=\/wp\/v2\/types\/product"}],"replies":[{"embeddable":true,"href":"https:\/\/kechbureau.ma\/index.php?rest_route=%2Fwp%2Fv2%2Fcomments&post=13127"}],"wp:featuredmedia":[{"embeddable":true,"href":"https:\/\/kechbureau.ma\/index.php?rest_route=\/wp\/v2\/media\/13128"}],"wp:attachment":[{"href":"https:\/\/kechbureau.ma\/index.php?rest_route=%2Fwp%2Fv2%2Fmedia&parent=13127"}],"wp:term":[{"taxonomy":"product_brand","embeddable":true,"href":"https:\/\/kechbureau.ma\/index.php?rest_route=%2Fwp%2Fv2%2Fproduct_brand&post=13127"},{"taxonomy":"product_cat","embeddable":true,"href":"https:\/\/kechbureau.ma\/index.php?rest_route=%2Fwp%2Fv2%2Fproduct_cat&post=13127"},{"taxonomy":"product_tag","embeddable":true,"href":"https:\/\/kechbureau.ma\/index.php?rest_route=%2Fwp%2Fv2%2Fproduct_tag&post=13127"}],"curies":[{"name":"wp","href":"https:\/\/api.w.org\/{rel}","templated":true}]}}