{"id":12943,"date":"2021-11-23T18:30:56","date_gmt":"2021-11-23T17:30:56","guid":{"rendered":"https:\/\/kechbureau.ma\/?post_type=product&#038;p=12943"},"modified":"2021-11-23T18:32:07","modified_gmt":"2021-11-23T17:32:07","slug":"imou-ipc-g42p-camera-de-surveillance-ip-lan-wlan-exterieur","status":"publish","type":"product","link":"https:\/\/kechbureau.ma\/?product=imou-ipc-g42p-camera-de-surveillance-ip-lan-wlan-exterieur","title":{"rendered":"IMOU IPC-G42P Cam\u00e9ra de surveillance IP, LAN, WLAN, ext\u00e9rieur"},"content":{"rendered":"<div id=\"av_articleherstbezeichnung\">\n<h1 class=\"av_fontnormal\">IMOU IPC-G42P<\/h1>\n<\/div>\n<div id=\"av_articletext\" class=\"clearfix\">\n<p><span class=\"artbesch\"><b>Cam\u00e9ra WLAN Bullet H.265 4 MP Bullet Lite<\/b><\/span><\/p>\n<p>La Bullet Lite offre une surveillance en direct de 4 MP avec un choix d&#8217;objectifs de 2,8 mm ou 3,6 mm. Elle prend en charge la derni\u00e8re norme de compression H.265, qui permet d&#8217;\u00e9conomiser jusqu&#8217;\u00e0 50 % de bande passante et d&#8217;espace de stockage.<br \/>\nAvec la certification IP67, la cam\u00e9ra peut \u00eatre utilis\u00e9e \u00e0 l&#8217;ext\u00e9rieur dans diverses conditions m\u00e9t\u00e9orologiques.<\/p>\n<p><b>Vid\u00e9o QHD 4 MP<\/b><br \/>\nVision am\u00e9lior\u00e9e par rapport \u00e0 1080p<\/p>\n<p><b>Codec H.265<\/b><br \/>\nEnregistrez des vid\u00e9os de meilleure qualit\u00e9 mais moins volumineuses<\/p>\n<p><b>Service Cloud<\/b><br \/>\nVid\u00e9o en direct, enregistrement et bien plus encore<\/p>\n<p><b>Protection 24 heures sur 24, 7 jours sur 7<\/b><br \/>\nVision nocturne par infrarouge pour une vision claire \u00e0 la lumi\u00e8re du jour et m\u00eame dans l&#8217;obscurit\u00e9 totale<\/p>\n<p><b>IP67<\/b><br \/>\nR\u00e9sistante aux intemp\u00e9ries, \u00e0 la poussi\u00e8re et \u00e0 l&#8217;eau<\/p>\n<p><b>Slot pour carte micro SD<\/b><br \/>\nPrise en charge de 128 Go maximum de m\u00e9moire locale<\/p>\n<p><b>Microphone int\u00e9gr\u00e9<\/b><br \/>\nLe microphone de haute qualit\u00e9 capte clairement les sons pendant la surveillance<\/p>\n<p><b>Notification d&#8217;alarme<\/b><br \/>\nEnvoi imm\u00e9diat d&#8217;alertes de d\u00e9tection de mouvement sur votre t\u00e9l\u00e9phone portable<\/p>\n<p><b>Connexion WLAN<\/b><br \/>\nIEEE802.11b\/g\/n (2,4 GHz)<\/p>\n<p><b>Contenu de la livraison :<\/b><\/p>\n<ul type=\"disc\">\n<li>1 x cam\u00e9ra<\/li>\n<li>1 x guide de d\u00e9marrage rapide<\/li>\n<li>1 x adaptateur secteur<\/li>\n<li>1 x paquet de vis<\/li>\n<li>1 x sch\u00e9ma de montage de l&#8217;installation<\/li>\n<\/ul>\n<\/div>\n","protected":false},"excerpt":{"rendered":"<p>IMOU IPC-G42P Cam\u00e9ra WLAN Bullet H.265 4 MP Bullet Lite La Bullet Lite offre une surveillance en direct de 4 MP avec un choix d&#8217;objectifs de 2,8 mm ou 3,6<\/p>\n","protected":false},"featured_media":12945,"comment_status":"open","ping_status":"closed","template":"","meta":{"kk_blocks_editor_width":"","_kiokenblocks_attr":"","_kiokenblocks_dimensions":""},"product_brand":[],"product_cat":[695,532],"product_tag":[],"class_list":{"0":"post-12943","1":"product","2":"type-product","3":"status-publish","4":"has-post-thumbnail","6":"product_cat-camera-sans-fil","7":"product_cat-video-surveillance","9":"first","10":"instock","11":"taxable","12":"shipping-taxable","13":"purchasable","14":"product-type-simple"},"yoast_head":"<!-- This site is optimized with the Yoast SEO plugin v27.4 - https:\/\/yoast.com\/product\/yoast-seo-wordpress\/ -->\n<title>IMOU IPC-G42P Cam\u00e9ra de surveillance IP, LAN, WLAN, ext\u00e9rieur - KECH BUREAU<\/title>\n<meta name=\"robots\" content=\"index, follow, max-snippet:-1, max-image-preview:large, max-video-preview:-1\" \/>\n<link rel=\"canonical\" href=\"https:\/\/kechbureau.ma\/?product=imou-ipc-g42p-camera-de-surveillance-ip-lan-wlan-exterieur\" \/>\n<meta property=\"og:locale\" content=\"fr_FR\" \/>\n<meta property=\"og:type\" content=\"article\" \/>\n<meta property=\"og:title\" content=\"IMOU IPC-G42P Cam\u00e9ra de surveillance IP, LAN, WLAN, ext\u00e9rieur - KECH BUREAU\" \/>\n<meta property=\"og:description\" content=\"IMOU IPC-G42P Cam\u00e9ra WLAN Bullet H.265 4 MP Bullet Lite La Bullet Lite offre une surveillance en direct de 4 MP avec un choix d&#8217;objectifs de 2,8 mm ou 3,6\" \/>\n<meta property=\"og:url\" content=\"https:\/\/kechbureau.ma\/?product=imou-ipc-g42p-camera-de-surveillance-ip-lan-wlan-exterieur\" \/>\n<meta property=\"og:site_name\" content=\"KECH BUREAU\" \/>\n<meta property=\"article:modified_time\" content=\"2021-11-23T17:32:07+00:00\" \/>\n<meta property=\"og:image\" content=\"https:\/\/kechbureau.ma\/wp-content\/uploads\/2021\/11\/IMOU_IPC-G42P_05.jpg\" \/>\n\t<meta property=\"og:image:width\" content=\"300\" \/>\n\t<meta property=\"og:image:height\" content=\"300\" \/>\n\t<meta property=\"og:image:type\" content=\"image\/jpeg\" \/>\n<meta name=\"twitter:card\" content=\"summary_large_image\" \/>\n<meta name=\"twitter:label1\" content=\"Dur\u00e9e de lecture estim\u00e9e\" \/>\n\t<meta name=\"twitter:data1\" content=\"1 minute\" \/>\n<script type=\"application\/ld+json\" class=\"yoast-schema-graph\">{\"@context\":\"https:\\\/\\\/schema.org\",\"@graph\":[{\"@type\":\"WebPage\",\"@id\":\"https:\\\/\\\/kechbureau.ma\\\/?product=imou-ipc-g42p-camera-de-surveillance-ip-lan-wlan-exterieur\",\"url\":\"https:\\\/\\\/kechbureau.ma\\\/?product=imou-ipc-g42p-camera-de-surveillance-ip-lan-wlan-exterieur\",\"name\":\"IMOU IPC-G42P Cam\u00e9ra de surveillance IP, LAN, WLAN, ext\u00e9rieur - KECH BUREAU\",\"isPartOf\":{\"@id\":\"https:\\\/\\\/kechbureau.ma\\\/#website\"},\"primaryImageOfPage\":{\"@id\":\"https:\\\/\\\/kechbureau.ma\\\/?product=imou-ipc-g42p-camera-de-surveillance-ip-lan-wlan-exterieur#primaryimage\"},\"image\":{\"@id\":\"https:\\\/\\\/kechbureau.ma\\\/?product=imou-ipc-g42p-camera-de-surveillance-ip-lan-wlan-exterieur#primaryimage\"},\"thumbnailUrl\":\"https:\\\/\\\/kechbureau.ma\\\/wp-content\\\/uploads\\\/2021\\\/11\\\/IMOU_IPC-G42P_05.jpg\",\"datePublished\":\"2021-11-23T17:30:56+00:00\",\"dateModified\":\"2021-11-23T17:32:07+00:00\",\"breadcrumb\":{\"@id\":\"https:\\\/\\\/kechbureau.ma\\\/?product=imou-ipc-g42p-camera-de-surveillance-ip-lan-wlan-exterieur#breadcrumb\"},\"inLanguage\":\"fr-FR\",\"potentialAction\":[{\"@type\":\"ReadAction\",\"target\":[\"https:\\\/\\\/kechbureau.ma\\\/?product=imou-ipc-g42p-camera-de-surveillance-ip-lan-wlan-exterieur\"]}]},{\"@type\":\"ImageObject\",\"inLanguage\":\"fr-FR\",\"@id\":\"https:\\\/\\\/kechbureau.ma\\\/?product=imou-ipc-g42p-camera-de-surveillance-ip-lan-wlan-exterieur#primaryimage\",\"url\":\"https:\\\/\\\/kechbureau.ma\\\/wp-content\\\/uploads\\\/2021\\\/11\\\/IMOU_IPC-G42P_05.jpg\",\"contentUrl\":\"https:\\\/\\\/kechbureau.ma\\\/wp-content\\\/uploads\\\/2021\\\/11\\\/IMOU_IPC-G42P_05.jpg\",\"width\":300,\"height\":300},{\"@type\":\"BreadcrumbList\",\"@id\":\"https:\\\/\\\/kechbureau.ma\\\/?product=imou-ipc-g42p-camera-de-surveillance-ip-lan-wlan-exterieur#breadcrumb\",\"itemListElement\":[{\"@type\":\"ListItem\",\"position\":1,\"name\":\"Accueil\",\"item\":\"https:\\\/\\\/kechbureau.ma\\\/\"},{\"@type\":\"ListItem\",\"position\":2,\"name\":\"Shop\",\"item\":\"https:\\\/\\\/kechbureau.ma\\\/?page_id=3853\"},{\"@type\":\"ListItem\",\"position\":3,\"name\":\"IMOU IPC-G42P Cam\u00e9ra de surveillance IP, LAN, WLAN, ext\u00e9rieur\"}]},{\"@type\":\"WebSite\",\"@id\":\"https:\\\/\\\/kechbureau.ma\\\/#website\",\"url\":\"https:\\\/\\\/kechbureau.ma\\\/\",\"name\":\"KECH BUREAU\",\"description\":\"MARRAKECH BUREAU\",\"potentialAction\":[{\"@type\":\"SearchAction\",\"target\":{\"@type\":\"EntryPoint\",\"urlTemplate\":\"https:\\\/\\\/kechbureau.ma\\\/?s={search_term_string}\"},\"query-input\":{\"@type\":\"PropertyValueSpecification\",\"valueRequired\":true,\"valueName\":\"search_term_string\"}}],\"inLanguage\":\"fr-FR\"}]}<\/script>\n<!-- \/ Yoast SEO plugin. -->","yoast_head_json":{"title":"IMOU IPC-G42P Cam\u00e9ra de surveillance IP, LAN, WLAN, ext\u00e9rieur - KECH BUREAU","robots":{"index":"index","follow":"follow","max-snippet":"max-snippet:-1","max-image-preview":"max-image-preview:large","max-video-preview":"max-video-preview:-1"},"canonical":"https:\/\/kechbureau.ma\/?product=imou-ipc-g42p-camera-de-surveillance-ip-lan-wlan-exterieur","og_locale":"fr_FR","og_type":"article","og_title":"IMOU IPC-G42P Cam\u00e9ra de surveillance IP, LAN, WLAN, ext\u00e9rieur - KECH BUREAU","og_description":"IMOU IPC-G42P Cam\u00e9ra WLAN Bullet H.265 4 MP Bullet Lite La Bullet Lite offre une surveillance en direct de 4 MP avec un choix d&#8217;objectifs de 2,8 mm ou 3,6","og_url":"https:\/\/kechbureau.ma\/?product=imou-ipc-g42p-camera-de-surveillance-ip-lan-wlan-exterieur","og_site_name":"KECH BUREAU","article_modified_time":"2021-11-23T17:32:07+00:00","og_image":[{"width":300,"height":300,"url":"https:\/\/kechbureau.ma\/wp-content\/uploads\/2021\/11\/IMOU_IPC-G42P_05.jpg","type":"image\/jpeg"}],"twitter_card":"summary_large_image","twitter_misc":{"Dur\u00e9e de lecture estim\u00e9e":"1 minute"},"schema":{"@context":"https:\/\/schema.org","@graph":[{"@type":"WebPage","@id":"https:\/\/kechbureau.ma\/?product=imou-ipc-g42p-camera-de-surveillance-ip-lan-wlan-exterieur","url":"https:\/\/kechbureau.ma\/?product=imou-ipc-g42p-camera-de-surveillance-ip-lan-wlan-exterieur","name":"IMOU IPC-G42P Cam\u00e9ra de surveillance IP, LAN, WLAN, ext\u00e9rieur - KECH BUREAU","isPartOf":{"@id":"https:\/\/kechbureau.ma\/#website"},"primaryImageOfPage":{"@id":"https:\/\/kechbureau.ma\/?product=imou-ipc-g42p-camera-de-surveillance-ip-lan-wlan-exterieur#primaryimage"},"image":{"@id":"https:\/\/kechbureau.ma\/?product=imou-ipc-g42p-camera-de-surveillance-ip-lan-wlan-exterieur#primaryimage"},"thumbnailUrl":"https:\/\/kechbureau.ma\/wp-content\/uploads\/2021\/11\/IMOU_IPC-G42P_05.jpg","datePublished":"2021-11-23T17:30:56+00:00","dateModified":"2021-11-23T17:32:07+00:00","breadcrumb":{"@id":"https:\/\/kechbureau.ma\/?product=imou-ipc-g42p-camera-de-surveillance-ip-lan-wlan-exterieur#breadcrumb"},"inLanguage":"fr-FR","potentialAction":[{"@type":"ReadAction","target":["https:\/\/kechbureau.ma\/?product=imou-ipc-g42p-camera-de-surveillance-ip-lan-wlan-exterieur"]}]},{"@type":"ImageObject","inLanguage":"fr-FR","@id":"https:\/\/kechbureau.ma\/?product=imou-ipc-g42p-camera-de-surveillance-ip-lan-wlan-exterieur#primaryimage","url":"https:\/\/kechbureau.ma\/wp-content\/uploads\/2021\/11\/IMOU_IPC-G42P_05.jpg","contentUrl":"https:\/\/kechbureau.ma\/wp-content\/uploads\/2021\/11\/IMOU_IPC-G42P_05.jpg","width":300,"height":300},{"@type":"BreadcrumbList","@id":"https:\/\/kechbureau.ma\/?product=imou-ipc-g42p-camera-de-surveillance-ip-lan-wlan-exterieur#breadcrumb","itemListElement":[{"@type":"ListItem","position":1,"name":"Accueil","item":"https:\/\/kechbureau.ma\/"},{"@type":"ListItem","position":2,"name":"Shop","item":"https:\/\/kechbureau.ma\/?page_id=3853"},{"@type":"ListItem","position":3,"name":"IMOU IPC-G42P Cam\u00e9ra de surveillance IP, LAN, WLAN, ext\u00e9rieur"}]},{"@type":"WebSite","@id":"https:\/\/kechbureau.ma\/#website","url":"https:\/\/kechbureau.ma\/","name":"KECH BUREAU","description":"MARRAKECH BUREAU","potentialAction":[{"@type":"SearchAction","target":{"@type":"EntryPoint","urlTemplate":"https:\/\/kechbureau.ma\/?s={search_term_string}"},"query-input":{"@type":"PropertyValueSpecification","valueRequired":true,"valueName":"search_term_string"}}],"inLanguage":"fr-FR"}]}},"_links":{"self":[{"href":"https:\/\/kechbureau.ma\/index.php?rest_route=\/wp\/v2\/product\/12943","targetHints":{"allow":["GET"]}}],"collection":[{"href":"https:\/\/kechbureau.ma\/index.php?rest_route=\/wp\/v2\/product"}],"about":[{"href":"https:\/\/kechbureau.ma\/index.php?rest_route=\/wp\/v2\/types\/product"}],"replies":[{"embeddable":true,"href":"https:\/\/kechbureau.ma\/index.php?rest_route=%2Fwp%2Fv2%2Fcomments&post=12943"}],"wp:featuredmedia":[{"embeddable":true,"href":"https:\/\/kechbureau.ma\/index.php?rest_route=\/wp\/v2\/media\/12945"}],"wp:attachment":[{"href":"https:\/\/kechbureau.ma\/index.php?rest_route=%2Fwp%2Fv2%2Fmedia&parent=12943"}],"wp:term":[{"taxonomy":"product_brand","embeddable":true,"href":"https:\/\/kechbureau.ma\/index.php?rest_route=%2Fwp%2Fv2%2Fproduct_brand&post=12943"},{"taxonomy":"product_cat","embeddable":true,"href":"https:\/\/kechbureau.ma\/index.php?rest_route=%2Fwp%2Fv2%2Fproduct_cat&post=12943"},{"taxonomy":"product_tag","embeddable":true,"href":"https:\/\/kechbureau.ma\/index.php?rest_route=%2Fwp%2Fv2%2Fproduct_tag&post=12943"}],"curies":[{"name":"wp","href":"https:\/\/api.w.org\/{rel}","templated":true}]}}