{"id":12848,"date":"2021-11-08T15:58:18","date_gmt":"2021-11-08T14:58:18","guid":{"rendered":"https:\/\/kechbureau.ma\/?post_type=product&#038;p=12848"},"modified":"2021-11-08T15:58:19","modified_gmt":"2021-11-08T14:58:19","slug":"ezviz-camera-wi-fi-full-hd-ty1-avec-suivi-intelligent-avec-sticker","status":"publish","type":"product","link":"https:\/\/kechbureau.ma\/?product=ezviz-camera-wi-fi-full-hd-ty1-avec-suivi-intelligent-avec-sticker","title":{"rendered":"Ezviz Cam\u00e9ra Wi-Fi Full HD TY1 avec suivi intelligent avec sticker"},"content":{"rendered":"<p>Parlez \u00e0 vos proches et \u00e9loignez les visiteurs ind\u00e9sirables avec la fonction de communication bidirectionnelle de la cam\u00e9ra TY1. Profitez de diff\u00e9rents services de communication gr\u00e2ce \u00e0 l\u2019application EZVIZ install\u00e9e sur votre appareil mobile : c\u2019est facile et pratique, o\u00f9 que vous soyez Voyez plus loin dans l\u2019obscurit\u00e9 B\u00e9n\u00e9ficiez d\u2019une protection constante, de jour comme de nuit, avec la cam\u00e9ra TY1. Avec ses puissantes LED infrarouges, elle vous permet de voir jusqu\u2019\u00e0 10 m\u00e8tres par faible luminosit\u00e9.Nous prot\u00e9geons vos donn\u00e9es et votre vie priv\u00e9e Notre priorit\u00e9 absolue est de prot\u00e9ger vos donn\u00e9es et votre vie priv\u00e9e. La transmission des donn\u00e9es entre la cam\u00e9ra et le cloud EZVIZ est chiffr\u00e9e de bout en bout. Vous \u00eates le seul \u00e0 disposer des cl\u00e9s de d\u00e9chiffrement de vos donn\u00e9es. Pour une couche suppl\u00e9mentaire de protection de votre vie priv\u00e9e, vous pouvez toujours activer le mode veille de la cam\u00e9ra dans l\u2019application EZVIZ.<\/p>\n<ul class=\"a-unordered-list a-vertical\">\n<li>Smart Motion Tracking \u2013 Detect and Follow\/1080p Full HD\/360\u00b0 Pivot \u2013 No Room Too Big\/Way Audio \u2013 Listen and Talk\/Remote Access \u2013 Live View from EZVIZ App\/Wireless Connection \u2013 WiFi 2.4GHz\/Sleep Mode for Privacy Protection\/Micro SD card slot for local storage (Up to 256GB)<\/li>\n<li>Smart Motion Tracking \u2013 Detect and Follow<\/li>\n<li>1080p Full HD<\/li>\n<li>360\u00b0 Pivot \u2013 No Room Too Big<\/li>\n<li>2-Way Audio \u2013 Listen and Talk<\/li>\n<li>Remote Access \u2013 Live View from EZVIZ App<\/li>\n<li>Wireless Connection \u2013 WiFi<\/li>\n<li>Sleep Mode for Privacy Protection<\/li>\n<li>Micro SD card slot for local storage (Up to 256GB)<\/li>\n<li><\/li>\n<\/ul>\n","protected":false},"excerpt":{"rendered":"<p>Parlez \u00e0 vos proches et \u00e9loignez les visiteurs ind\u00e9sirables avec la fonction de communication bidirectionnelle de la cam\u00e9ra TY1. Profitez de diff\u00e9rents services de communication gr\u00e2ce \u00e0 l\u2019application EZVIZ install\u00e9e<\/p>\n","protected":false},"featured_media":12849,"comment_status":"open","ping_status":"closed","template":"","meta":{"kk_blocks_editor_width":"","_kiokenblocks_attr":"","_kiokenblocks_dimensions":""},"product_brand":[],"product_cat":[695,532],"product_tag":[],"class_list":{"0":"post-12848","1":"product","2":"type-product","3":"status-publish","4":"has-post-thumbnail","6":"product_cat-camera-sans-fil","7":"product_cat-video-surveillance","9":"first","10":"instock","11":"taxable","12":"shipping-taxable","13":"purchasable","14":"product-type-simple"},"yoast_head":"<!-- This site is optimized with the Yoast SEO plugin v27.5 - https:\/\/yoast.com\/product\/yoast-seo-wordpress\/ -->\n<title>Ezviz Cam\u00e9ra Wi-Fi Full HD TY1 avec suivi intelligent avec sticker - KECH BUREAU<\/title>\n<meta name=\"robots\" content=\"index, follow, max-snippet:-1, max-image-preview:large, max-video-preview:-1\" \/>\n<link rel=\"canonical\" href=\"https:\/\/kechbureau.ma\/?product=ezviz-camera-wi-fi-full-hd-ty1-avec-suivi-intelligent-avec-sticker\" \/>\n<meta property=\"og:locale\" content=\"fr_FR\" \/>\n<meta property=\"og:type\" content=\"article\" \/>\n<meta property=\"og:title\" content=\"Ezviz Cam\u00e9ra Wi-Fi Full HD TY1 avec suivi intelligent avec sticker - KECH BUREAU\" \/>\n<meta property=\"og:description\" content=\"Parlez \u00e0 vos proches et \u00e9loignez les visiteurs ind\u00e9sirables avec la fonction de communication bidirectionnelle de la cam\u00e9ra TY1. Profitez de diff\u00e9rents services de communication gr\u00e2ce \u00e0 l\u2019application EZVIZ install\u00e9e\" \/>\n<meta property=\"og:url\" content=\"https:\/\/kechbureau.ma\/?product=ezviz-camera-wi-fi-full-hd-ty1-avec-suivi-intelligent-avec-sticker\" \/>\n<meta property=\"og:site_name\" content=\"KECH BUREAU\" \/>\n<meta property=\"article:modified_time\" content=\"2021-11-08T14:58:19+00:00\" \/>\n<meta property=\"og:image\" content=\"https:\/\/kechbureau.ma\/wp-content\/uploads\/2021\/11\/1-7.jpg\" \/>\n\t<meta property=\"og:image:width\" content=\"680\" \/>\n\t<meta property=\"og:image:height\" content=\"680\" \/>\n\t<meta property=\"og:image:type\" content=\"image\/jpeg\" \/>\n<meta name=\"twitter:card\" content=\"summary_large_image\" \/>\n<meta name=\"twitter:label1\" content=\"Dur\u00e9e de lecture estim\u00e9e\" \/>\n\t<meta name=\"twitter:data1\" content=\"1 minute\" \/>\n<script type=\"application\/ld+json\" class=\"yoast-schema-graph\">{\"@context\":\"https:\\\/\\\/schema.org\",\"@graph\":[{\"@type\":\"WebPage\",\"@id\":\"https:\\\/\\\/kechbureau.ma\\\/?product=ezviz-camera-wi-fi-full-hd-ty1-avec-suivi-intelligent-avec-sticker\",\"url\":\"https:\\\/\\\/kechbureau.ma\\\/?product=ezviz-camera-wi-fi-full-hd-ty1-avec-suivi-intelligent-avec-sticker\",\"name\":\"Ezviz Cam\u00e9ra Wi-Fi Full HD TY1 avec suivi intelligent avec sticker - KECH BUREAU\",\"isPartOf\":{\"@id\":\"https:\\\/\\\/kechbureau.ma\\\/#website\"},\"primaryImageOfPage\":{\"@id\":\"https:\\\/\\\/kechbureau.ma\\\/?product=ezviz-camera-wi-fi-full-hd-ty1-avec-suivi-intelligent-avec-sticker#primaryimage\"},\"image\":{\"@id\":\"https:\\\/\\\/kechbureau.ma\\\/?product=ezviz-camera-wi-fi-full-hd-ty1-avec-suivi-intelligent-avec-sticker#primaryimage\"},\"thumbnailUrl\":\"https:\\\/\\\/kechbureau.ma\\\/wp-content\\\/uploads\\\/2021\\\/11\\\/1-7.jpg\",\"datePublished\":\"2021-11-08T14:58:18+00:00\",\"dateModified\":\"2021-11-08T14:58:19+00:00\",\"breadcrumb\":{\"@id\":\"https:\\\/\\\/kechbureau.ma\\\/?product=ezviz-camera-wi-fi-full-hd-ty1-avec-suivi-intelligent-avec-sticker#breadcrumb\"},\"inLanguage\":\"fr-FR\",\"potentialAction\":[{\"@type\":\"ReadAction\",\"target\":[\"https:\\\/\\\/kechbureau.ma\\\/?product=ezviz-camera-wi-fi-full-hd-ty1-avec-suivi-intelligent-avec-sticker\"]}]},{\"@type\":\"ImageObject\",\"inLanguage\":\"fr-FR\",\"@id\":\"https:\\\/\\\/kechbureau.ma\\\/?product=ezviz-camera-wi-fi-full-hd-ty1-avec-suivi-intelligent-avec-sticker#primaryimage\",\"url\":\"https:\\\/\\\/kechbureau.ma\\\/wp-content\\\/uploads\\\/2021\\\/11\\\/1-7.jpg\",\"contentUrl\":\"https:\\\/\\\/kechbureau.ma\\\/wp-content\\\/uploads\\\/2021\\\/11\\\/1-7.jpg\",\"width\":680,\"height\":680},{\"@type\":\"BreadcrumbList\",\"@id\":\"https:\\\/\\\/kechbureau.ma\\\/?product=ezviz-camera-wi-fi-full-hd-ty1-avec-suivi-intelligent-avec-sticker#breadcrumb\",\"itemListElement\":[{\"@type\":\"ListItem\",\"position\":1,\"name\":\"Accueil\",\"item\":\"https:\\\/\\\/kechbureau.ma\\\/\"},{\"@type\":\"ListItem\",\"position\":2,\"name\":\"Shop\",\"item\":\"https:\\\/\\\/kechbureau.ma\\\/?page_id=3853\"},{\"@type\":\"ListItem\",\"position\":3,\"name\":\"Ezviz Cam\u00e9ra Wi-Fi Full HD TY1 avec suivi intelligent avec sticker\"}]},{\"@type\":\"WebSite\",\"@id\":\"https:\\\/\\\/kechbureau.ma\\\/#website\",\"url\":\"https:\\\/\\\/kechbureau.ma\\\/\",\"name\":\"KECH BUREAU\",\"description\":\"MARRAKECH BUREAU\",\"potentialAction\":[{\"@type\":\"SearchAction\",\"target\":{\"@type\":\"EntryPoint\",\"urlTemplate\":\"https:\\\/\\\/kechbureau.ma\\\/?s={search_term_string}\"},\"query-input\":{\"@type\":\"PropertyValueSpecification\",\"valueRequired\":true,\"valueName\":\"search_term_string\"}}],\"inLanguage\":\"fr-FR\"}]}<\/script>\n<!-- \/ Yoast SEO plugin. -->","yoast_head_json":{"title":"Ezviz Cam\u00e9ra Wi-Fi Full HD TY1 avec suivi intelligent avec sticker - KECH BUREAU","robots":{"index":"index","follow":"follow","max-snippet":"max-snippet:-1","max-image-preview":"max-image-preview:large","max-video-preview":"max-video-preview:-1"},"canonical":"https:\/\/kechbureau.ma\/?product=ezviz-camera-wi-fi-full-hd-ty1-avec-suivi-intelligent-avec-sticker","og_locale":"fr_FR","og_type":"article","og_title":"Ezviz Cam\u00e9ra Wi-Fi Full HD TY1 avec suivi intelligent avec sticker - KECH BUREAU","og_description":"Parlez \u00e0 vos proches et \u00e9loignez les visiteurs ind\u00e9sirables avec la fonction de communication bidirectionnelle de la cam\u00e9ra TY1. Profitez de diff\u00e9rents services de communication gr\u00e2ce \u00e0 l\u2019application EZVIZ install\u00e9e","og_url":"https:\/\/kechbureau.ma\/?product=ezviz-camera-wi-fi-full-hd-ty1-avec-suivi-intelligent-avec-sticker","og_site_name":"KECH BUREAU","article_modified_time":"2021-11-08T14:58:19+00:00","og_image":[{"width":680,"height":680,"url":"https:\/\/kechbureau.ma\/wp-content\/uploads\/2021\/11\/1-7.jpg","type":"image\/jpeg"}],"twitter_card":"summary_large_image","twitter_misc":{"Dur\u00e9e de lecture estim\u00e9e":"1 minute"},"schema":{"@context":"https:\/\/schema.org","@graph":[{"@type":"WebPage","@id":"https:\/\/kechbureau.ma\/?product=ezviz-camera-wi-fi-full-hd-ty1-avec-suivi-intelligent-avec-sticker","url":"https:\/\/kechbureau.ma\/?product=ezviz-camera-wi-fi-full-hd-ty1-avec-suivi-intelligent-avec-sticker","name":"Ezviz Cam\u00e9ra Wi-Fi Full HD TY1 avec suivi intelligent avec sticker - KECH BUREAU","isPartOf":{"@id":"https:\/\/kechbureau.ma\/#website"},"primaryImageOfPage":{"@id":"https:\/\/kechbureau.ma\/?product=ezviz-camera-wi-fi-full-hd-ty1-avec-suivi-intelligent-avec-sticker#primaryimage"},"image":{"@id":"https:\/\/kechbureau.ma\/?product=ezviz-camera-wi-fi-full-hd-ty1-avec-suivi-intelligent-avec-sticker#primaryimage"},"thumbnailUrl":"https:\/\/kechbureau.ma\/wp-content\/uploads\/2021\/11\/1-7.jpg","datePublished":"2021-11-08T14:58:18+00:00","dateModified":"2021-11-08T14:58:19+00:00","breadcrumb":{"@id":"https:\/\/kechbureau.ma\/?product=ezviz-camera-wi-fi-full-hd-ty1-avec-suivi-intelligent-avec-sticker#breadcrumb"},"inLanguage":"fr-FR","potentialAction":[{"@type":"ReadAction","target":["https:\/\/kechbureau.ma\/?product=ezviz-camera-wi-fi-full-hd-ty1-avec-suivi-intelligent-avec-sticker"]}]},{"@type":"ImageObject","inLanguage":"fr-FR","@id":"https:\/\/kechbureau.ma\/?product=ezviz-camera-wi-fi-full-hd-ty1-avec-suivi-intelligent-avec-sticker#primaryimage","url":"https:\/\/kechbureau.ma\/wp-content\/uploads\/2021\/11\/1-7.jpg","contentUrl":"https:\/\/kechbureau.ma\/wp-content\/uploads\/2021\/11\/1-7.jpg","width":680,"height":680},{"@type":"BreadcrumbList","@id":"https:\/\/kechbureau.ma\/?product=ezviz-camera-wi-fi-full-hd-ty1-avec-suivi-intelligent-avec-sticker#breadcrumb","itemListElement":[{"@type":"ListItem","position":1,"name":"Accueil","item":"https:\/\/kechbureau.ma\/"},{"@type":"ListItem","position":2,"name":"Shop","item":"https:\/\/kechbureau.ma\/?page_id=3853"},{"@type":"ListItem","position":3,"name":"Ezviz Cam\u00e9ra Wi-Fi Full HD TY1 avec suivi intelligent avec sticker"}]},{"@type":"WebSite","@id":"https:\/\/kechbureau.ma\/#website","url":"https:\/\/kechbureau.ma\/","name":"KECH BUREAU","description":"MARRAKECH BUREAU","potentialAction":[{"@type":"SearchAction","target":{"@type":"EntryPoint","urlTemplate":"https:\/\/kechbureau.ma\/?s={search_term_string}"},"query-input":{"@type":"PropertyValueSpecification","valueRequired":true,"valueName":"search_term_string"}}],"inLanguage":"fr-FR"}]}},"_links":{"self":[{"href":"https:\/\/kechbureau.ma\/index.php?rest_route=\/wp\/v2\/product\/12848","targetHints":{"allow":["GET"]}}],"collection":[{"href":"https:\/\/kechbureau.ma\/index.php?rest_route=\/wp\/v2\/product"}],"about":[{"href":"https:\/\/kechbureau.ma\/index.php?rest_route=\/wp\/v2\/types\/product"}],"replies":[{"embeddable":true,"href":"https:\/\/kechbureau.ma\/index.php?rest_route=%2Fwp%2Fv2%2Fcomments&post=12848"}],"wp:featuredmedia":[{"embeddable":true,"href":"https:\/\/kechbureau.ma\/index.php?rest_route=\/wp\/v2\/media\/12849"}],"wp:attachment":[{"href":"https:\/\/kechbureau.ma\/index.php?rest_route=%2Fwp%2Fv2%2Fmedia&parent=12848"}],"wp:term":[{"taxonomy":"product_brand","embeddable":true,"href":"https:\/\/kechbureau.ma\/index.php?rest_route=%2Fwp%2Fv2%2Fproduct_brand&post=12848"},{"taxonomy":"product_cat","embeddable":true,"href":"https:\/\/kechbureau.ma\/index.php?rest_route=%2Fwp%2Fv2%2Fproduct_cat&post=12848"},{"taxonomy":"product_tag","embeddable":true,"href":"https:\/\/kechbureau.ma\/index.php?rest_route=%2Fwp%2Fv2%2Fproduct_tag&post=12848"}],"curies":[{"name":"wp","href":"https:\/\/api.w.org\/{rel}","templated":true}]}}