{"id":12769,"date":"2021-10-11T18:41:52","date_gmt":"2021-10-11T16:41:52","guid":{"rendered":"https:\/\/kechbureau.ma\/?post_type=product&#038;p=12769"},"modified":"2021-10-11T18:41:53","modified_gmt":"2021-10-11T16:41:53","slug":"logitech-wireless-presenter-r400-telecommande-de-presentation","status":"publish","type":"product","link":"https:\/\/kechbureau.ma\/?product=logitech-wireless-presenter-r400-telecommande-de-presentation","title":{"rendered":"Logitech Wireless Presenter R400 &#8211; T\u00e9l\u00e9commande de pr\u00e9sentation"},"content":{"rendered":"<p>Parce que vous \u00eates exceptionnels, vos pr\u00e9sentations ne peuvent \u00eatre autrement! Donnez de la vie \u00e0 vos pr\u00e9sentations, prenez de l&#8217;assurance, d\u00e9placez vous sans souci gr\u00e2ce \u00e0 la port\u00e9e de 15m de ce dispositif. Les commandes de diaporama intuitives vous faciliteront la vie et le pointeur laser rouge permettra \u00e0 votre public de vous suivre facilement. Pas besoin d&#8217;installation, branchez-le et le tour est jou\u00e9.<\/p>\n","protected":false},"excerpt":{"rendered":"<p>Parce que vous \u00eates exceptionnels, vos pr\u00e9sentations ne peuvent \u00eatre autrement! Donnez de la vie \u00e0 vos pr\u00e9sentations, prenez de l&#8217;assurance, d\u00e9placez vous sans souci gr\u00e2ce \u00e0 la port\u00e9e de<\/p>\n","protected":false},"featured_media":12770,"comment_status":"open","ping_status":"closed","template":"","meta":{"kk_blocks_editor_width":"","_kiokenblocks_attr":"","_kiokenblocks_dimensions":""},"product_brand":[],"product_cat":[396,432,532],"product_tag":[],"class_list":{"0":"post-12769","1":"product","2":"type-product","3":"status-publish","4":"has-post-thumbnail","6":"product_cat-laptops-computers","7":"product_cat-ruseaux","8":"product_cat-video-surveillance","10":"first","11":"instock","12":"taxable","13":"shipping-taxable","14":"purchasable","15":"product-type-simple"},"yoast_head":"<!-- This site is optimized with the Yoast SEO plugin v27.4 - https:\/\/yoast.com\/product\/yoast-seo-wordpress\/ -->\n<title>Logitech Wireless Presenter R400 - T\u00e9l\u00e9commande de pr\u00e9sentation - KECH BUREAU<\/title>\n<meta name=\"robots\" content=\"index, follow, max-snippet:-1, max-image-preview:large, max-video-preview:-1\" \/>\n<link rel=\"canonical\" href=\"https:\/\/kechbureau.ma\/?product=logitech-wireless-presenter-r400-telecommande-de-presentation\" \/>\n<meta property=\"og:locale\" content=\"fr_FR\" \/>\n<meta property=\"og:type\" content=\"article\" \/>\n<meta property=\"og:title\" content=\"Logitech Wireless Presenter R400 - T\u00e9l\u00e9commande de pr\u00e9sentation - KECH BUREAU\" \/>\n<meta property=\"og:description\" content=\"Parce que vous \u00eates exceptionnels, vos pr\u00e9sentations ne peuvent \u00eatre autrement! Donnez de la vie \u00e0 vos pr\u00e9sentations, prenez de l&#8217;assurance, d\u00e9placez vous sans souci gr\u00e2ce \u00e0 la port\u00e9e de\" \/>\n<meta property=\"og:url\" content=\"https:\/\/kechbureau.ma\/?product=logitech-wireless-presenter-r400-telecommande-de-presentation\" \/>\n<meta property=\"og:site_name\" content=\"KECH BUREAU\" \/>\n<meta property=\"article:modified_time\" content=\"2021-10-11T16:41:53+00:00\" \/>\n<meta property=\"og:image\" content=\"https:\/\/kechbureau.ma\/wp-content\/uploads\/2021\/10\/logitech-wireless-presenter-r400-telecommande-de-presentation.jpg\" \/>\n\t<meta property=\"og:image:width\" content=\"800\" \/>\n\t<meta property=\"og:image:height\" content=\"800\" \/>\n\t<meta property=\"og:image:type\" content=\"image\/jpeg\" \/>\n<meta name=\"twitter:card\" content=\"summary_large_image\" \/>\n<script type=\"application\/ld+json\" class=\"yoast-schema-graph\">{\"@context\":\"https:\\\/\\\/schema.org\",\"@graph\":[{\"@type\":\"WebPage\",\"@id\":\"https:\\\/\\\/kechbureau.ma\\\/?product=logitech-wireless-presenter-r400-telecommande-de-presentation\",\"url\":\"https:\\\/\\\/kechbureau.ma\\\/?product=logitech-wireless-presenter-r400-telecommande-de-presentation\",\"name\":\"Logitech Wireless Presenter R400 - T\u00e9l\u00e9commande de pr\u00e9sentation - KECH BUREAU\",\"isPartOf\":{\"@id\":\"https:\\\/\\\/kechbureau.ma\\\/#website\"},\"primaryImageOfPage\":{\"@id\":\"https:\\\/\\\/kechbureau.ma\\\/?product=logitech-wireless-presenter-r400-telecommande-de-presentation#primaryimage\"},\"image\":{\"@id\":\"https:\\\/\\\/kechbureau.ma\\\/?product=logitech-wireless-presenter-r400-telecommande-de-presentation#primaryimage\"},\"thumbnailUrl\":\"https:\\\/\\\/kechbureau.ma\\\/wp-content\\\/uploads\\\/2021\\\/10\\\/logitech-wireless-presenter-r400-telecommande-de-presentation.jpg\",\"datePublished\":\"2021-10-11T16:41:52+00:00\",\"dateModified\":\"2021-10-11T16:41:53+00:00\",\"breadcrumb\":{\"@id\":\"https:\\\/\\\/kechbureau.ma\\\/?product=logitech-wireless-presenter-r400-telecommande-de-presentation#breadcrumb\"},\"inLanguage\":\"fr-FR\",\"potentialAction\":[{\"@type\":\"ReadAction\",\"target\":[\"https:\\\/\\\/kechbureau.ma\\\/?product=logitech-wireless-presenter-r400-telecommande-de-presentation\"]}]},{\"@type\":\"ImageObject\",\"inLanguage\":\"fr-FR\",\"@id\":\"https:\\\/\\\/kechbureau.ma\\\/?product=logitech-wireless-presenter-r400-telecommande-de-presentation#primaryimage\",\"url\":\"https:\\\/\\\/kechbureau.ma\\\/wp-content\\\/uploads\\\/2021\\\/10\\\/logitech-wireless-presenter-r400-telecommande-de-presentation.jpg\",\"contentUrl\":\"https:\\\/\\\/kechbureau.ma\\\/wp-content\\\/uploads\\\/2021\\\/10\\\/logitech-wireless-presenter-r400-telecommande-de-presentation.jpg\",\"width\":800,\"height\":800},{\"@type\":\"BreadcrumbList\",\"@id\":\"https:\\\/\\\/kechbureau.ma\\\/?product=logitech-wireless-presenter-r400-telecommande-de-presentation#breadcrumb\",\"itemListElement\":[{\"@type\":\"ListItem\",\"position\":1,\"name\":\"Accueil\",\"item\":\"https:\\\/\\\/kechbureau.ma\\\/\"},{\"@type\":\"ListItem\",\"position\":2,\"name\":\"Shop\",\"item\":\"https:\\\/\\\/kechbureau.ma\\\/?page_id=3853\"},{\"@type\":\"ListItem\",\"position\":3,\"name\":\"Logitech Wireless Presenter R400 &#8211; T\u00e9l\u00e9commande de pr\u00e9sentation\"}]},{\"@type\":\"WebSite\",\"@id\":\"https:\\\/\\\/kechbureau.ma\\\/#website\",\"url\":\"https:\\\/\\\/kechbureau.ma\\\/\",\"name\":\"KECH BUREAU\",\"description\":\"MARRAKECH BUREAU\",\"potentialAction\":[{\"@type\":\"SearchAction\",\"target\":{\"@type\":\"EntryPoint\",\"urlTemplate\":\"https:\\\/\\\/kechbureau.ma\\\/?s={search_term_string}\"},\"query-input\":{\"@type\":\"PropertyValueSpecification\",\"valueRequired\":true,\"valueName\":\"search_term_string\"}}],\"inLanguage\":\"fr-FR\"}]}<\/script>\n<!-- \/ Yoast SEO plugin. -->","yoast_head_json":{"title":"Logitech Wireless Presenter R400 - T\u00e9l\u00e9commande de pr\u00e9sentation - KECH BUREAU","robots":{"index":"index","follow":"follow","max-snippet":"max-snippet:-1","max-image-preview":"max-image-preview:large","max-video-preview":"max-video-preview:-1"},"canonical":"https:\/\/kechbureau.ma\/?product=logitech-wireless-presenter-r400-telecommande-de-presentation","og_locale":"fr_FR","og_type":"article","og_title":"Logitech Wireless Presenter R400 - T\u00e9l\u00e9commande de pr\u00e9sentation - KECH BUREAU","og_description":"Parce que vous \u00eates exceptionnels, vos pr\u00e9sentations ne peuvent \u00eatre autrement! Donnez de la vie \u00e0 vos pr\u00e9sentations, prenez de l&#8217;assurance, d\u00e9placez vous sans souci gr\u00e2ce \u00e0 la port\u00e9e de","og_url":"https:\/\/kechbureau.ma\/?product=logitech-wireless-presenter-r400-telecommande-de-presentation","og_site_name":"KECH BUREAU","article_modified_time":"2021-10-11T16:41:53+00:00","og_image":[{"width":800,"height":800,"url":"https:\/\/kechbureau.ma\/wp-content\/uploads\/2021\/10\/logitech-wireless-presenter-r400-telecommande-de-presentation.jpg","type":"image\/jpeg"}],"twitter_card":"summary_large_image","schema":{"@context":"https:\/\/schema.org","@graph":[{"@type":"WebPage","@id":"https:\/\/kechbureau.ma\/?product=logitech-wireless-presenter-r400-telecommande-de-presentation","url":"https:\/\/kechbureau.ma\/?product=logitech-wireless-presenter-r400-telecommande-de-presentation","name":"Logitech Wireless Presenter R400 - T\u00e9l\u00e9commande de pr\u00e9sentation - KECH BUREAU","isPartOf":{"@id":"https:\/\/kechbureau.ma\/#website"},"primaryImageOfPage":{"@id":"https:\/\/kechbureau.ma\/?product=logitech-wireless-presenter-r400-telecommande-de-presentation#primaryimage"},"image":{"@id":"https:\/\/kechbureau.ma\/?product=logitech-wireless-presenter-r400-telecommande-de-presentation#primaryimage"},"thumbnailUrl":"https:\/\/kechbureau.ma\/wp-content\/uploads\/2021\/10\/logitech-wireless-presenter-r400-telecommande-de-presentation.jpg","datePublished":"2021-10-11T16:41:52+00:00","dateModified":"2021-10-11T16:41:53+00:00","breadcrumb":{"@id":"https:\/\/kechbureau.ma\/?product=logitech-wireless-presenter-r400-telecommande-de-presentation#breadcrumb"},"inLanguage":"fr-FR","potentialAction":[{"@type":"ReadAction","target":["https:\/\/kechbureau.ma\/?product=logitech-wireless-presenter-r400-telecommande-de-presentation"]}]},{"@type":"ImageObject","inLanguage":"fr-FR","@id":"https:\/\/kechbureau.ma\/?product=logitech-wireless-presenter-r400-telecommande-de-presentation#primaryimage","url":"https:\/\/kechbureau.ma\/wp-content\/uploads\/2021\/10\/logitech-wireless-presenter-r400-telecommande-de-presentation.jpg","contentUrl":"https:\/\/kechbureau.ma\/wp-content\/uploads\/2021\/10\/logitech-wireless-presenter-r400-telecommande-de-presentation.jpg","width":800,"height":800},{"@type":"BreadcrumbList","@id":"https:\/\/kechbureau.ma\/?product=logitech-wireless-presenter-r400-telecommande-de-presentation#breadcrumb","itemListElement":[{"@type":"ListItem","position":1,"name":"Accueil","item":"https:\/\/kechbureau.ma\/"},{"@type":"ListItem","position":2,"name":"Shop","item":"https:\/\/kechbureau.ma\/?page_id=3853"},{"@type":"ListItem","position":3,"name":"Logitech Wireless Presenter R400 &#8211; T\u00e9l\u00e9commande de pr\u00e9sentation"}]},{"@type":"WebSite","@id":"https:\/\/kechbureau.ma\/#website","url":"https:\/\/kechbureau.ma\/","name":"KECH BUREAU","description":"MARRAKECH BUREAU","potentialAction":[{"@type":"SearchAction","target":{"@type":"EntryPoint","urlTemplate":"https:\/\/kechbureau.ma\/?s={search_term_string}"},"query-input":{"@type":"PropertyValueSpecification","valueRequired":true,"valueName":"search_term_string"}}],"inLanguage":"fr-FR"}]}},"_links":{"self":[{"href":"https:\/\/kechbureau.ma\/index.php?rest_route=\/wp\/v2\/product\/12769","targetHints":{"allow":["GET"]}}],"collection":[{"href":"https:\/\/kechbureau.ma\/index.php?rest_route=\/wp\/v2\/product"}],"about":[{"href":"https:\/\/kechbureau.ma\/index.php?rest_route=\/wp\/v2\/types\/product"}],"replies":[{"embeddable":true,"href":"https:\/\/kechbureau.ma\/index.php?rest_route=%2Fwp%2Fv2%2Fcomments&post=12769"}],"wp:featuredmedia":[{"embeddable":true,"href":"https:\/\/kechbureau.ma\/index.php?rest_route=\/wp\/v2\/media\/12770"}],"wp:attachment":[{"href":"https:\/\/kechbureau.ma\/index.php?rest_route=%2Fwp%2Fv2%2Fmedia&parent=12769"}],"wp:term":[{"taxonomy":"product_brand","embeddable":true,"href":"https:\/\/kechbureau.ma\/index.php?rest_route=%2Fwp%2Fv2%2Fproduct_brand&post=12769"},{"taxonomy":"product_cat","embeddable":true,"href":"https:\/\/kechbureau.ma\/index.php?rest_route=%2Fwp%2Fv2%2Fproduct_cat&post=12769"},{"taxonomy":"product_tag","embeddable":true,"href":"https:\/\/kechbureau.ma\/index.php?rest_route=%2Fwp%2Fv2%2Fproduct_tag&post=12769"}],"curies":[{"name":"wp","href":"https:\/\/api.w.org\/{rel}","templated":true}]}}