{"id":11948,"date":"2021-06-03T03:16:18","date_gmt":"2021-06-03T01:16:18","guid":{"rendered":"https:\/\/kechbureau.ma\/?post_type=product&#038;p=11948"},"modified":"2021-06-03T03:16:19","modified_gmt":"2021-06-03T01:16:19","slug":"dlink-cle-wifi-d-link-dwa-140-n300-mbps","status":"publish","type":"product","link":"https:\/\/kechbureau.ma\/?product=dlink-cle-wifi-d-link-dwa-140-n300-mbps","title":{"rendered":"Dlink CL\u00c9 WIFI D-LINK DWA -140 N300 Mbps"},"content":{"rendered":"<ul>\n<li>Dongle wifi D-Link &#8211; DWA-140 Compatibilit\u00e9 avec Pc et R\u00e9cepteur num\u00e9rique<\/li>\n<li>Type de produit: Adaptateur USB Wireless N<\/li>\n<li>Connectivit\u00e9: Wireless N<\/li>\n<li>Interface: USB 2.0<\/li>\n<li>Vitesse sans fil: 300 Mops 2,4 GHz<\/li>\n<li>Compatibilit\u00e9 avec les r\u00e9seaux sans fil\u00a0802.11b,\u00a0802.11g et 802.11n<\/li>\n<li>Haut niveau de s\u00e9curit\u00e9 gr\u00e2ce au chiffrement des donn\u00e9es WEP\/WPA\/WPA2<\/li>\n<\/ul>\n","protected":false},"excerpt":{"rendered":"<p>Dongle wifi D-Link &#8211; DWA-140 Compatibilit\u00e9 avec Pc et R\u00e9cepteur num\u00e9rique Type de produit: Adaptateur USB Wireless N Connectivit\u00e9: Wireless N Interface: USB 2.0 Vitesse sans fil: 300 Mops 2,4<\/p>\n","protected":false},"featured_media":11949,"comment_status":"open","ping_status":"closed","template":"","meta":{"kk_blocks_editor_width":"","_kiokenblocks_attr":"","_kiokenblocks_dimensions":""},"product_brand":[],"product_cat":[629],"product_tag":[],"class_list":{"0":"post-11948","1":"product","2":"type-product","3":"status-publish","4":"has-post-thumbnail","6":"product_cat-cle-wifi","8":"first","9":"instock","10":"sale","11":"taxable","12":"shipping-taxable","13":"purchasable","14":"product-type-simple"},"yoast_head":"<!-- This site is optimized with the Yoast SEO plugin v27.5 - https:\/\/yoast.com\/product\/yoast-seo-wordpress\/ -->\n<title>Dlink CL\u00c9 WIFI D-LINK DWA -140 N300 Mbps - KECH BUREAU<\/title>\n<meta name=\"robots\" content=\"index, follow, max-snippet:-1, max-image-preview:large, max-video-preview:-1\" \/>\n<link rel=\"canonical\" href=\"https:\/\/kechbureau.ma\/?product=dlink-cle-wifi-d-link-dwa-140-n300-mbps\" \/>\n<meta property=\"og:locale\" content=\"fr_FR\" \/>\n<meta property=\"og:type\" content=\"article\" \/>\n<meta property=\"og:title\" content=\"Dlink CL\u00c9 WIFI D-LINK DWA -140 N300 Mbps - KECH BUREAU\" \/>\n<meta property=\"og:description\" content=\"Dongle wifi D-Link &#8211; DWA-140 Compatibilit\u00e9 avec Pc et R\u00e9cepteur num\u00e9rique Type de produit: Adaptateur USB Wireless N Connectivit\u00e9: Wireless N Interface: USB 2.0 Vitesse sans fil: 300 Mops 2,4\" \/>\n<meta property=\"og:url\" content=\"https:\/\/kechbureau.ma\/?product=dlink-cle-wifi-d-link-dwa-140-n300-mbps\" \/>\n<meta property=\"og:site_name\" content=\"KECH BUREAU\" \/>\n<meta property=\"article:modified_time\" content=\"2021-06-03T01:16:19+00:00\" \/>\n<meta property=\"og:image\" content=\"https:\/\/kechbureau.ma\/wp-content\/uploads\/2021\/06\/1-2.jpg\" \/>\n\t<meta property=\"og:image:width\" content=\"680\" \/>\n\t<meta property=\"og:image:height\" content=\"680\" \/>\n\t<meta property=\"og:image:type\" content=\"image\/jpeg\" \/>\n<meta name=\"twitter:card\" content=\"summary_large_image\" \/>\n<script type=\"application\/ld+json\" class=\"yoast-schema-graph\">{\"@context\":\"https:\\\/\\\/schema.org\",\"@graph\":[{\"@type\":\"WebPage\",\"@id\":\"https:\\\/\\\/kechbureau.ma\\\/?product=dlink-cle-wifi-d-link-dwa-140-n300-mbps\",\"url\":\"https:\\\/\\\/kechbureau.ma\\\/?product=dlink-cle-wifi-d-link-dwa-140-n300-mbps\",\"name\":\"Dlink CL\u00c9 WIFI D-LINK DWA -140 N300 Mbps - KECH BUREAU\",\"isPartOf\":{\"@id\":\"https:\\\/\\\/kechbureau.ma\\\/#website\"},\"primaryImageOfPage\":{\"@id\":\"https:\\\/\\\/kechbureau.ma\\\/?product=dlink-cle-wifi-d-link-dwa-140-n300-mbps#primaryimage\"},\"image\":{\"@id\":\"https:\\\/\\\/kechbureau.ma\\\/?product=dlink-cle-wifi-d-link-dwa-140-n300-mbps#primaryimage\"},\"thumbnailUrl\":\"https:\\\/\\\/kechbureau.ma\\\/wp-content\\\/uploads\\\/2021\\\/06\\\/1-2.jpg\",\"datePublished\":\"2021-06-03T01:16:18+00:00\",\"dateModified\":\"2021-06-03T01:16:19+00:00\",\"breadcrumb\":{\"@id\":\"https:\\\/\\\/kechbureau.ma\\\/?product=dlink-cle-wifi-d-link-dwa-140-n300-mbps#breadcrumb\"},\"inLanguage\":\"fr-FR\",\"potentialAction\":[{\"@type\":\"ReadAction\",\"target\":[\"https:\\\/\\\/kechbureau.ma\\\/?product=dlink-cle-wifi-d-link-dwa-140-n300-mbps\"]}]},{\"@type\":\"ImageObject\",\"inLanguage\":\"fr-FR\",\"@id\":\"https:\\\/\\\/kechbureau.ma\\\/?product=dlink-cle-wifi-d-link-dwa-140-n300-mbps#primaryimage\",\"url\":\"https:\\\/\\\/kechbureau.ma\\\/wp-content\\\/uploads\\\/2021\\\/06\\\/1-2.jpg\",\"contentUrl\":\"https:\\\/\\\/kechbureau.ma\\\/wp-content\\\/uploads\\\/2021\\\/06\\\/1-2.jpg\",\"width\":680,\"height\":680},{\"@type\":\"BreadcrumbList\",\"@id\":\"https:\\\/\\\/kechbureau.ma\\\/?product=dlink-cle-wifi-d-link-dwa-140-n300-mbps#breadcrumb\",\"itemListElement\":[{\"@type\":\"ListItem\",\"position\":1,\"name\":\"Accueil\",\"item\":\"https:\\\/\\\/kechbureau.ma\\\/\"},{\"@type\":\"ListItem\",\"position\":2,\"name\":\"Shop\",\"item\":\"https:\\\/\\\/kechbureau.ma\\\/?page_id=3853\"},{\"@type\":\"ListItem\",\"position\":3,\"name\":\"Dlink CL\u00c9 WIFI D-LINK DWA -140 N300 Mbps\"}]},{\"@type\":\"WebSite\",\"@id\":\"https:\\\/\\\/kechbureau.ma\\\/#website\",\"url\":\"https:\\\/\\\/kechbureau.ma\\\/\",\"name\":\"KECH BUREAU\",\"description\":\"MARRAKECH BUREAU\",\"potentialAction\":[{\"@type\":\"SearchAction\",\"target\":{\"@type\":\"EntryPoint\",\"urlTemplate\":\"https:\\\/\\\/kechbureau.ma\\\/?s={search_term_string}\"},\"query-input\":{\"@type\":\"PropertyValueSpecification\",\"valueRequired\":true,\"valueName\":\"search_term_string\"}}],\"inLanguage\":\"fr-FR\"}]}<\/script>\n<!-- \/ Yoast SEO plugin. -->","yoast_head_json":{"title":"Dlink CL\u00c9 WIFI D-LINK DWA -140 N300 Mbps - KECH BUREAU","robots":{"index":"index","follow":"follow","max-snippet":"max-snippet:-1","max-image-preview":"max-image-preview:large","max-video-preview":"max-video-preview:-1"},"canonical":"https:\/\/kechbureau.ma\/?product=dlink-cle-wifi-d-link-dwa-140-n300-mbps","og_locale":"fr_FR","og_type":"article","og_title":"Dlink CL\u00c9 WIFI D-LINK DWA -140 N300 Mbps - KECH BUREAU","og_description":"Dongle wifi D-Link &#8211; DWA-140 Compatibilit\u00e9 avec Pc et R\u00e9cepteur num\u00e9rique Type de produit: Adaptateur USB Wireless N Connectivit\u00e9: Wireless N Interface: USB 2.0 Vitesse sans fil: 300 Mops 2,4","og_url":"https:\/\/kechbureau.ma\/?product=dlink-cle-wifi-d-link-dwa-140-n300-mbps","og_site_name":"KECH BUREAU","article_modified_time":"2021-06-03T01:16:19+00:00","og_image":[{"width":680,"height":680,"url":"https:\/\/kechbureau.ma\/wp-content\/uploads\/2021\/06\/1-2.jpg","type":"image\/jpeg"}],"twitter_card":"summary_large_image","schema":{"@context":"https:\/\/schema.org","@graph":[{"@type":"WebPage","@id":"https:\/\/kechbureau.ma\/?product=dlink-cle-wifi-d-link-dwa-140-n300-mbps","url":"https:\/\/kechbureau.ma\/?product=dlink-cle-wifi-d-link-dwa-140-n300-mbps","name":"Dlink CL\u00c9 WIFI D-LINK DWA -140 N300 Mbps - KECH BUREAU","isPartOf":{"@id":"https:\/\/kechbureau.ma\/#website"},"primaryImageOfPage":{"@id":"https:\/\/kechbureau.ma\/?product=dlink-cle-wifi-d-link-dwa-140-n300-mbps#primaryimage"},"image":{"@id":"https:\/\/kechbureau.ma\/?product=dlink-cle-wifi-d-link-dwa-140-n300-mbps#primaryimage"},"thumbnailUrl":"https:\/\/kechbureau.ma\/wp-content\/uploads\/2021\/06\/1-2.jpg","datePublished":"2021-06-03T01:16:18+00:00","dateModified":"2021-06-03T01:16:19+00:00","breadcrumb":{"@id":"https:\/\/kechbureau.ma\/?product=dlink-cle-wifi-d-link-dwa-140-n300-mbps#breadcrumb"},"inLanguage":"fr-FR","potentialAction":[{"@type":"ReadAction","target":["https:\/\/kechbureau.ma\/?product=dlink-cle-wifi-d-link-dwa-140-n300-mbps"]}]},{"@type":"ImageObject","inLanguage":"fr-FR","@id":"https:\/\/kechbureau.ma\/?product=dlink-cle-wifi-d-link-dwa-140-n300-mbps#primaryimage","url":"https:\/\/kechbureau.ma\/wp-content\/uploads\/2021\/06\/1-2.jpg","contentUrl":"https:\/\/kechbureau.ma\/wp-content\/uploads\/2021\/06\/1-2.jpg","width":680,"height":680},{"@type":"BreadcrumbList","@id":"https:\/\/kechbureau.ma\/?product=dlink-cle-wifi-d-link-dwa-140-n300-mbps#breadcrumb","itemListElement":[{"@type":"ListItem","position":1,"name":"Accueil","item":"https:\/\/kechbureau.ma\/"},{"@type":"ListItem","position":2,"name":"Shop","item":"https:\/\/kechbureau.ma\/?page_id=3853"},{"@type":"ListItem","position":3,"name":"Dlink CL\u00c9 WIFI D-LINK DWA -140 N300 Mbps"}]},{"@type":"WebSite","@id":"https:\/\/kechbureau.ma\/#website","url":"https:\/\/kechbureau.ma\/","name":"KECH BUREAU","description":"MARRAKECH BUREAU","potentialAction":[{"@type":"SearchAction","target":{"@type":"EntryPoint","urlTemplate":"https:\/\/kechbureau.ma\/?s={search_term_string}"},"query-input":{"@type":"PropertyValueSpecification","valueRequired":true,"valueName":"search_term_string"}}],"inLanguage":"fr-FR"}]}},"_links":{"self":[{"href":"https:\/\/kechbureau.ma\/index.php?rest_route=\/wp\/v2\/product\/11948","targetHints":{"allow":["GET"]}}],"collection":[{"href":"https:\/\/kechbureau.ma\/index.php?rest_route=\/wp\/v2\/product"}],"about":[{"href":"https:\/\/kechbureau.ma\/index.php?rest_route=\/wp\/v2\/types\/product"}],"replies":[{"embeddable":true,"href":"https:\/\/kechbureau.ma\/index.php?rest_route=%2Fwp%2Fv2%2Fcomments&post=11948"}],"wp:featuredmedia":[{"embeddable":true,"href":"https:\/\/kechbureau.ma\/index.php?rest_route=\/wp\/v2\/media\/11949"}],"wp:attachment":[{"href":"https:\/\/kechbureau.ma\/index.php?rest_route=%2Fwp%2Fv2%2Fmedia&parent=11948"}],"wp:term":[{"taxonomy":"product_brand","embeddable":true,"href":"https:\/\/kechbureau.ma\/index.php?rest_route=%2Fwp%2Fv2%2Fproduct_brand&post=11948"},{"taxonomy":"product_cat","embeddable":true,"href":"https:\/\/kechbureau.ma\/index.php?rest_route=%2Fwp%2Fv2%2Fproduct_cat&post=11948"},{"taxonomy":"product_tag","embeddable":true,"href":"https:\/\/kechbureau.ma\/index.php?rest_route=%2Fwp%2Fv2%2Fproduct_tag&post=11948"}],"curies":[{"name":"wp","href":"https:\/\/api.w.org\/{rel}","templated":true}]}}