{"id":11940,"date":"2021-06-03T02:58:59","date_gmt":"2021-06-03T00:58:59","guid":{"rendered":"https:\/\/kechbureau.ma\/?post_type=product&#038;p=11940"},"modified":"2021-06-03T02:59:59","modified_gmt":"2021-06-03T00:59:59","slug":"cle-wifi-usb-de-tp-link-150-mbps-tl-wn722n","status":"publish","type":"product","link":"https:\/\/kechbureau.ma\/?product=cle-wifi-usb-de-tp-link-150-mbps-tl-wn722n","title":{"rendered":"Cl\u00e9 wifi USB de TP-LINK 150 Mbps TL-WN722N"},"content":{"rendered":"<h3>Meilleure Cl\u00e9 wifi USB de TP-LINK 150 Mbps TL-WN722N Compatible avec Windows 10, Mac OS, LIinux &#8230;<\/h3>\n<h3>Fonctions<\/h3>\n<h3>L\u2019adaptateur USB sans fil N TL-WN722N vous permet de connecter un ordinateur de bureau ou un ordinateur portable \u00e0 un r\u00e9seau sans fil et de vous connecter \u00e0 Internet haut d\u00e9bit. Conformes aux normes IEEE 802.11n, ils fournissent une vitesse sans fil allant jusqu\u2019\u00e0 150\u00a0Mbps, tr\u00e8s adapt\u00e9e pour les jeux en ligne ou m\u00eame le streaming de vid\u00e9os. La s\u00e9curisation de la connexion sans fil par chiffrement peut \u00eatre \u00e9tablie par une simple pression du bouton QSS (Quick Setup Security), qui prot\u00e8ge votre r\u00e9seau des menaces ext\u00e9rieures.<\/h3>\n<h3>Sans fil N &#8211; Vitesse et port\u00e9e<\/h3>\n<h3>Bas\u00e9 sur la technologie IEEE 802.11n, le TL-WN722N minimise encore plus la perte de donn\u00e9es sur les grandes distances et \u00e0 travers les obstacles, que ce soit dans un petit bureau ou dans un grand appartement et m\u00eame dans une construction en b\u00e9ton et en acier. Compar\u00e9 aux anciens produits 54M, le TL-WN722N d\u00e9livre une meilleure performance, vous permettant de surfer plus \u00e0 votre aise, de partager des fichiers et de regarder des m\u00e9dias en streaming.<br \/>\nLa technologie Clear Channel Assessment (CCA) \u00e9vite automatiquement les conflits de canal, gr\u00e2ce \u00e0 sa fonctionnalit\u00e9 de s\u00e9lection claire du canal, et tire pleinement profit des avantages de groupage des canaux, am\u00e9liorant ainsi consid\u00e9rablement les performances sans fil.<\/h3>\n","protected":false},"excerpt":{"rendered":"<p>Meilleure Cl\u00e9 wifi USB de TP-LINK 150 Mbps TL-WN722N Compatible avec Windows 10, Mac OS, LIinux &#8230; Fonctions L\u2019adaptateur USB sans fil N TL-WN722N vous permet de connecter un ordinateur<\/p>\n","protected":false},"featured_media":11941,"comment_status":"open","ping_status":"closed","template":"","meta":{"kk_blocks_editor_width":"","_kiokenblocks_attr":"","_kiokenblocks_dimensions":""},"product_brand":[],"product_cat":[629,15],"product_tag":[],"class_list":{"0":"post-11940","1":"product","2":"type-product","3":"status-publish","4":"has-post-thumbnail","6":"product_cat-cle-wifi","7":"product_cat-uncategorized","9":"first","10":"instock","11":"sale","12":"taxable","13":"shipping-taxable","14":"purchasable","15":"product-type-simple"},"yoast_head":"<!-- This site is optimized with the Yoast SEO plugin v27.5 - https:\/\/yoast.com\/product\/yoast-seo-wordpress\/ -->\n<title>Cl\u00e9 wifi USB de TP-LINK 150 Mbps TL-WN722N - KECH BUREAU<\/title>\n<meta name=\"robots\" content=\"index, follow, max-snippet:-1, max-image-preview:large, max-video-preview:-1\" \/>\n<link rel=\"canonical\" href=\"https:\/\/kechbureau.ma\/?product=cle-wifi-usb-de-tp-link-150-mbps-tl-wn722n\" \/>\n<meta property=\"og:locale\" content=\"fr_FR\" \/>\n<meta property=\"og:type\" content=\"article\" \/>\n<meta property=\"og:title\" content=\"Cl\u00e9 wifi USB de TP-LINK 150 Mbps TL-WN722N - KECH BUREAU\" \/>\n<meta property=\"og:description\" content=\"Meilleure Cl\u00e9 wifi USB de TP-LINK 150 Mbps TL-WN722N Compatible avec Windows 10, Mac OS, LIinux &#8230; Fonctions L\u2019adaptateur USB sans fil N TL-WN722N vous permet de connecter un ordinateur\" \/>\n<meta property=\"og:url\" content=\"https:\/\/kechbureau.ma\/?product=cle-wifi-usb-de-tp-link-150-mbps-tl-wn722n\" \/>\n<meta property=\"og:site_name\" content=\"KECH BUREAU\" \/>\n<meta property=\"article:modified_time\" content=\"2021-06-03T00:59:59+00:00\" \/>\n<meta property=\"og:image\" content=\"https:\/\/kechbureau.ma\/wp-content\/uploads\/2021\/06\/1.jpg\" \/>\n\t<meta property=\"og:image:width\" content=\"680\" \/>\n\t<meta property=\"og:image:height\" content=\"680\" \/>\n\t<meta property=\"og:image:type\" content=\"image\/jpeg\" \/>\n<meta name=\"twitter:card\" content=\"summary_large_image\" \/>\n<meta name=\"twitter:label1\" content=\"Dur\u00e9e de lecture estim\u00e9e\" \/>\n\t<meta name=\"twitter:data1\" content=\"1 minute\" \/>\n<script type=\"application\/ld+json\" class=\"yoast-schema-graph\">{\"@context\":\"https:\\\/\\\/schema.org\",\"@graph\":[{\"@type\":\"WebPage\",\"@id\":\"https:\\\/\\\/kechbureau.ma\\\/?product=cle-wifi-usb-de-tp-link-150-mbps-tl-wn722n\",\"url\":\"https:\\\/\\\/kechbureau.ma\\\/?product=cle-wifi-usb-de-tp-link-150-mbps-tl-wn722n\",\"name\":\"Cl\u00e9 wifi USB de TP-LINK 150 Mbps TL-WN722N - KECH BUREAU\",\"isPartOf\":{\"@id\":\"https:\\\/\\\/kechbureau.ma\\\/#website\"},\"primaryImageOfPage\":{\"@id\":\"https:\\\/\\\/kechbureau.ma\\\/?product=cle-wifi-usb-de-tp-link-150-mbps-tl-wn722n#primaryimage\"},\"image\":{\"@id\":\"https:\\\/\\\/kechbureau.ma\\\/?product=cle-wifi-usb-de-tp-link-150-mbps-tl-wn722n#primaryimage\"},\"thumbnailUrl\":\"https:\\\/\\\/kechbureau.ma\\\/wp-content\\\/uploads\\\/2021\\\/06\\\/1.jpg\",\"datePublished\":\"2021-06-03T00:58:59+00:00\",\"dateModified\":\"2021-06-03T00:59:59+00:00\",\"breadcrumb\":{\"@id\":\"https:\\\/\\\/kechbureau.ma\\\/?product=cle-wifi-usb-de-tp-link-150-mbps-tl-wn722n#breadcrumb\"},\"inLanguage\":\"fr-FR\",\"potentialAction\":[{\"@type\":\"ReadAction\",\"target\":[\"https:\\\/\\\/kechbureau.ma\\\/?product=cle-wifi-usb-de-tp-link-150-mbps-tl-wn722n\"]}]},{\"@type\":\"ImageObject\",\"inLanguage\":\"fr-FR\",\"@id\":\"https:\\\/\\\/kechbureau.ma\\\/?product=cle-wifi-usb-de-tp-link-150-mbps-tl-wn722n#primaryimage\",\"url\":\"https:\\\/\\\/kechbureau.ma\\\/wp-content\\\/uploads\\\/2021\\\/06\\\/1.jpg\",\"contentUrl\":\"https:\\\/\\\/kechbureau.ma\\\/wp-content\\\/uploads\\\/2021\\\/06\\\/1.jpg\",\"width\":680,\"height\":680},{\"@type\":\"BreadcrumbList\",\"@id\":\"https:\\\/\\\/kechbureau.ma\\\/?product=cle-wifi-usb-de-tp-link-150-mbps-tl-wn722n#breadcrumb\",\"itemListElement\":[{\"@type\":\"ListItem\",\"position\":1,\"name\":\"Accueil\",\"item\":\"https:\\\/\\\/kechbureau.ma\\\/\"},{\"@type\":\"ListItem\",\"position\":2,\"name\":\"Shop\",\"item\":\"https:\\\/\\\/kechbureau.ma\\\/?page_id=3853\"},{\"@type\":\"ListItem\",\"position\":3,\"name\":\"Cl\u00e9 wifi USB de TP-LINK 150 Mbps TL-WN722N\"}]},{\"@type\":\"WebSite\",\"@id\":\"https:\\\/\\\/kechbureau.ma\\\/#website\",\"url\":\"https:\\\/\\\/kechbureau.ma\\\/\",\"name\":\"KECH BUREAU\",\"description\":\"MARRAKECH BUREAU\",\"potentialAction\":[{\"@type\":\"SearchAction\",\"target\":{\"@type\":\"EntryPoint\",\"urlTemplate\":\"https:\\\/\\\/kechbureau.ma\\\/?s={search_term_string}\"},\"query-input\":{\"@type\":\"PropertyValueSpecification\",\"valueRequired\":true,\"valueName\":\"search_term_string\"}}],\"inLanguage\":\"fr-FR\"}]}<\/script>\n<!-- \/ Yoast SEO plugin. -->","yoast_head_json":{"title":"Cl\u00e9 wifi USB de TP-LINK 150 Mbps TL-WN722N - KECH BUREAU","robots":{"index":"index","follow":"follow","max-snippet":"max-snippet:-1","max-image-preview":"max-image-preview:large","max-video-preview":"max-video-preview:-1"},"canonical":"https:\/\/kechbureau.ma\/?product=cle-wifi-usb-de-tp-link-150-mbps-tl-wn722n","og_locale":"fr_FR","og_type":"article","og_title":"Cl\u00e9 wifi USB de TP-LINK 150 Mbps TL-WN722N - KECH BUREAU","og_description":"Meilleure Cl\u00e9 wifi USB de TP-LINK 150 Mbps TL-WN722N Compatible avec Windows 10, Mac OS, LIinux &#8230; Fonctions L\u2019adaptateur USB sans fil N TL-WN722N vous permet de connecter un ordinateur","og_url":"https:\/\/kechbureau.ma\/?product=cle-wifi-usb-de-tp-link-150-mbps-tl-wn722n","og_site_name":"KECH BUREAU","article_modified_time":"2021-06-03T00:59:59+00:00","og_image":[{"width":680,"height":680,"url":"https:\/\/kechbureau.ma\/wp-content\/uploads\/2021\/06\/1.jpg","type":"image\/jpeg"}],"twitter_card":"summary_large_image","twitter_misc":{"Dur\u00e9e de lecture estim\u00e9e":"1 minute"},"schema":{"@context":"https:\/\/schema.org","@graph":[{"@type":"WebPage","@id":"https:\/\/kechbureau.ma\/?product=cle-wifi-usb-de-tp-link-150-mbps-tl-wn722n","url":"https:\/\/kechbureau.ma\/?product=cle-wifi-usb-de-tp-link-150-mbps-tl-wn722n","name":"Cl\u00e9 wifi USB de TP-LINK 150 Mbps TL-WN722N - KECH BUREAU","isPartOf":{"@id":"https:\/\/kechbureau.ma\/#website"},"primaryImageOfPage":{"@id":"https:\/\/kechbureau.ma\/?product=cle-wifi-usb-de-tp-link-150-mbps-tl-wn722n#primaryimage"},"image":{"@id":"https:\/\/kechbureau.ma\/?product=cle-wifi-usb-de-tp-link-150-mbps-tl-wn722n#primaryimage"},"thumbnailUrl":"https:\/\/kechbureau.ma\/wp-content\/uploads\/2021\/06\/1.jpg","datePublished":"2021-06-03T00:58:59+00:00","dateModified":"2021-06-03T00:59:59+00:00","breadcrumb":{"@id":"https:\/\/kechbureau.ma\/?product=cle-wifi-usb-de-tp-link-150-mbps-tl-wn722n#breadcrumb"},"inLanguage":"fr-FR","potentialAction":[{"@type":"ReadAction","target":["https:\/\/kechbureau.ma\/?product=cle-wifi-usb-de-tp-link-150-mbps-tl-wn722n"]}]},{"@type":"ImageObject","inLanguage":"fr-FR","@id":"https:\/\/kechbureau.ma\/?product=cle-wifi-usb-de-tp-link-150-mbps-tl-wn722n#primaryimage","url":"https:\/\/kechbureau.ma\/wp-content\/uploads\/2021\/06\/1.jpg","contentUrl":"https:\/\/kechbureau.ma\/wp-content\/uploads\/2021\/06\/1.jpg","width":680,"height":680},{"@type":"BreadcrumbList","@id":"https:\/\/kechbureau.ma\/?product=cle-wifi-usb-de-tp-link-150-mbps-tl-wn722n#breadcrumb","itemListElement":[{"@type":"ListItem","position":1,"name":"Accueil","item":"https:\/\/kechbureau.ma\/"},{"@type":"ListItem","position":2,"name":"Shop","item":"https:\/\/kechbureau.ma\/?page_id=3853"},{"@type":"ListItem","position":3,"name":"Cl\u00e9 wifi USB de TP-LINK 150 Mbps TL-WN722N"}]},{"@type":"WebSite","@id":"https:\/\/kechbureau.ma\/#website","url":"https:\/\/kechbureau.ma\/","name":"KECH BUREAU","description":"MARRAKECH BUREAU","potentialAction":[{"@type":"SearchAction","target":{"@type":"EntryPoint","urlTemplate":"https:\/\/kechbureau.ma\/?s={search_term_string}"},"query-input":{"@type":"PropertyValueSpecification","valueRequired":true,"valueName":"search_term_string"}}],"inLanguage":"fr-FR"}]}},"_links":{"self":[{"href":"https:\/\/kechbureau.ma\/index.php?rest_route=\/wp\/v2\/product\/11940","targetHints":{"allow":["GET"]}}],"collection":[{"href":"https:\/\/kechbureau.ma\/index.php?rest_route=\/wp\/v2\/product"}],"about":[{"href":"https:\/\/kechbureau.ma\/index.php?rest_route=\/wp\/v2\/types\/product"}],"replies":[{"embeddable":true,"href":"https:\/\/kechbureau.ma\/index.php?rest_route=%2Fwp%2Fv2%2Fcomments&post=11940"}],"wp:featuredmedia":[{"embeddable":true,"href":"https:\/\/kechbureau.ma\/index.php?rest_route=\/wp\/v2\/media\/11941"}],"wp:attachment":[{"href":"https:\/\/kechbureau.ma\/index.php?rest_route=%2Fwp%2Fv2%2Fmedia&parent=11940"}],"wp:term":[{"taxonomy":"product_brand","embeddable":true,"href":"https:\/\/kechbureau.ma\/index.php?rest_route=%2Fwp%2Fv2%2Fproduct_brand&post=11940"},{"taxonomy":"product_cat","embeddable":true,"href":"https:\/\/kechbureau.ma\/index.php?rest_route=%2Fwp%2Fv2%2Fproduct_cat&post=11940"},{"taxonomy":"product_tag","embeddable":true,"href":"https:\/\/kechbureau.ma\/index.php?rest_route=%2Fwp%2Fv2%2Fproduct_tag&post=11940"}],"curies":[{"name":"wp","href":"https:\/\/api.w.org\/{rel}","templated":true}]}}