{"id":11831,"date":"2021-04-05T11:17:45","date_gmt":"2021-04-05T09:17:45","guid":{"rendered":"https:\/\/kechbureau.ma\/?post_type=product&#038;p=11831"},"modified":"2023-12-07T15:46:21","modified_gmt":"2023-12-07T14:46:21","slug":"imac-retina-4k-21-pouces-2017","status":"publish","type":"product","link":"https:\/\/kechbureau.ma\/?product=imac-retina-4k-21-pouces-2017","title":{"rendered":"iMac (Retina 4K, 21 pouces, 2017)"},"content":{"rendered":"","protected":false},"excerpt":{"rendered":"<h3>\u00c9cran<\/h3>\n<ul>\n<li>\u00c9cran r\u00e9tro\u00e9clair\u00e9 par LED de 21,5 pouces (diagonale) ; r\u00e9solution de 1 920 x 1 080 pixels avec prise en charge de millions de couleurs<\/li>\n<\/ul>\n<h3>Processeur<\/h3>\n<ul>\n<li><b>2,3 GHz<\/b><br \/>\nIntel Core i5 bic\u0153ur \u00e0 2,3 GHz (Turbo Boost jusqu\u2019\u00e0 3,6 GHz)<\/li>\n<\/ul>\n<h3>M\u00e9moire<\/h3>\n<ul>\n<li><b>2,3 GHz<\/b><br \/>\n8 Go de m\u00e9moire DDR4 \u00e0 2 133 MHz<br \/>\n<em>Configurable en 16 Go<\/em><\/li>\n<\/ul>\n<h3>Stockage<sup>1<\/sup><\/h3>\n<p><em>\u00a0SSD de 500 Go<\/em><\/p>\n<h3>Processeur graphique<\/h3>\n<ul>\n<li>Intel Iris Plus Graphics 640<\/li>\n<\/ul>\n<h3>Prise en charge vid\u00e9o et cam\u00e9ra<\/h3>\n<ul>\n<li>Cam\u00e9ra FaceTime HD<\/li>\n<li>Prise en charge simultan\u00e9e de la r\u00e9solution native sur l\u2019\u00e9cran int\u00e9gr\u00e9 de plusieurs millions de couleurs (21,5 pouces) ou d\u2019un milliard de couleurs (4K 21,5 pouces) et de :\n<ul>\n<li>un \u00e9cran externe d\u2019une r\u00e9solution de 5 120 x 2 880 pixels (5K) \u00e0 60 Hz avec prise en charge d\u2019un milliard de couleurs, ou de<\/li>\n<li>deux \u00e9crans externes d\u2019une r\u00e9solution de 3 840 x 2 160 pixels (4K UHD) \u00e0 60 Hz avec prise en charge d\u2019un milliard de couleurs, ou de<\/li>\n<li>deux \u00e9crans externes d\u2019une r\u00e9solution de 4 096 x 2 304 pixels (4K) \u00e0 60 Hz avec prise en charge de millions de couleurs<\/li>\n<\/ul>\n<\/li>\n<li>Sortie vid\u00e9o num\u00e9rique Thunderbolt 3<\/li>\n<li>Sortie DisplayPort native par USB\u2011C<\/li>\n<li>Sorties Thunderbolt 2, HDMI, DVI et VGA prises en charge \u00e0 l\u2019aide d\u2019adaptateurs (vendus s\u00e9par\u00e9ment)<\/li>\n<\/ul>\n<h3>Audio<\/h3>\n<ul>\n<li>Haut\u2011parleurs st\u00e9r\u00e9o<\/li>\n<li>Micro<\/li>\n<li>Prise casque 3,5 mm\n<ul>\n<li>Prise en charge des \u00e9couteurs iPhone Apple avec micro<\/li>\n<\/ul>\n<\/li>\n<\/ul>\n<h3>Connexions et extension<\/h3>\n<ul>\n<li>Prise casque 3,5 mm<\/li>\n<li>Lecteur de carte SDXC<\/li>\n<li>Quatre ports USB 3 (compatibles avec les p\u00e9riph\u00e9riques USB 2)<\/li>\n<li>Deux ports Thunderbolt 3 (USB\u2011C) avec prise en charge de :\n<ul>\n<li>DisplayPort<\/li>\n<li>Thunderbolt (jusqu\u2019\u00e0 40 Gbit\/s)<\/li>\n<li>USB 3.1 Gen 2 (jusqu\u2019\u00e0 10 Gbit\/s)<\/li>\n<li>Sorties Thunderbolt 2, HDMI, DVI et VGA prises en charge \u00e0 l\u2019aide d\u2019adaptateurs (vendus s\u00e9par\u00e9ment)<\/li>\n<\/ul>\n<\/li>\n<li>Gigabit Ethernet 10\/100\/1000BASE-T (connecteur RJ\u201145)<\/li>\n<li>Fente pour c\u00e2ble antivol Kensington<\/li>\n<\/ul>\n<h3>Entr\u00e9es<\/h3>\n<ul>\n<li><b>Magic Keyboard<\/b><br \/>\nLe Magic Keyboard est le clavier qui \u00e9quipe de s\u00e9rie tous les iMac. Sans fil et rechargeable (ce qui vous \u00e9vite d\u2019avoir \u00e0 utiliser des piles), il offre un design ultra\u2011compact qui exploite au maximum l\u2019espace disponible. Avec son m\u00e9canisme \u00e0 ciseaux plus stable, une course de touche optimis\u00e9e et un profil abaiss\u00e9, il vous offre plus de contr\u00f4le et de confort. De plus, il s\u2019associe automatiquement avec votre iMac pour \u00eatre tout de suite op\u00e9rationnel.<\/li>\n<li><strong>Magic Keyboard avec pav\u00e9 num\u00e9rique<\/strong><br \/>\nVous profitez de toutes les fonctionnalit\u00e9s du Magic Keyboard, dans un design \u00e9tendu qui vous donne toute latitude pour jouer et travailler. Le Magic Keyboard avec pav\u00e9 num\u00e9rique inclut des commandes pour naviguer dans les documents (haut de page, bas de page, d\u00e9but et fin) et des touches fl\u00e9ch\u00e9es pour jouer, faire d\u00e9filer des feuilles de calcul et naviguer dans les apps professionnelles.<\/li>\n<li><b>Magic Mouse 2<\/b><br \/>\nLa Magic Mouse 2 est la souris qui \u00e9quipe de s\u00e9rie tous les iMac. Gr\u00e2ce \u00e0 son design, la Magic Mouse 2 glisse avec fluidit\u00e9 sur votre bureau. Et comme elle prend en charge le Multi\u2011Touch, vous pouvez effectuer \u00e0\u00a0sa surface des gestes simples comme balayer d\u2019une page web \u00e0 l\u2019autre ou faire d\u00e9filer de longs documents.<\/li>\n<li><b>Magic Trackpad 2<\/b><br \/>\nSi vous \u00eates plut\u00f4t un adepte du trackpad, le Magic Trackpad 2 vous permettra d\u2019utiliser tous les gestes Multi\u2011Touch, mais aussi de b\u00e9n\u00e9ficier de la puissance du Force Touch pour votre ordinateur de bureau.\u00a0Les capteurs situ\u00e9s sous la surface d\u00e9tectent les diff\u00e9rences de pression, \u00e9largissant ainsi ses possibilit\u00e9s. Jamais vous n\u2019aviez pu interagir \u00e0 ce point avec vos contenus. Associ\u00e9 \u00e0 un profil abaiss\u00e9, ce design am\u00e9liore consid\u00e9rablement votre confort d\u2019utilisation.<\/li>\n<\/ul>\n<h3>Sans\u2011fil<\/h3>\n<ul>\n<li><strong>Wi\u2011Fi<\/strong><br \/>\nConnectivit\u00e9 Wi\u2011Fi 802.11ac<br \/>\nCompatible IEEE 802.11a\/b\/g\/n<\/li>\n<li><b>Bluetooth<\/b><br \/>\nTechnologie sans fil Bluetooth 4.2<\/li>\n<\/ul>\n<h3>Dimensions et poids<\/h3>\n<ul>\n<li>Hauteur : 45 cm<\/li>\n<li>Largeur : 52,8 cm<\/li>\n<li>Profondeur du pied : 17,5 cm<\/li>\n<li>Poids : 5,66 kg<sup>2<\/sup><\/li>\n<\/ul>\n<h3>Alimentation et conditions ambiantes<\/h3>\n<ul>\n<li>Tension : de 100 \u00e0 240 V CA<\/li>\n<li>Fr\u00e9quence : de 50 \u00e0 60 Hz, monophas\u00e9<\/li>\n<li>Temp\u00e9rature d\u2019utilisation : de 10 \u00e0 35 \u00b0C<\/li>\n<li>Humidit\u00e9 relative : de 5 \u00e0 95 % sans condensation<\/li>\n<li>Altitude maximale : test\u00e9 jusqu\u2019\u00e0 3 000 m<\/li>\n<\/ul>\n<h3>Contenu du coffret<\/h3>\n<ul>\n<li>iMac 21,5 pouces<\/li>\n<li>Magic Keyboard<\/li>\n<li>Magic Mouse 2<\/li>\n<li>Cordon d\u2019alimentation<\/li>\n<li>C\u00e2ble Lightning vers USB<\/li>\n<\/ul>\n<h3>Syst\u00e8me d\u2019exploitation<\/h3>\n<p><strong>macOS<\/strong><br \/>\nmacOS est le syst\u00e8me d\u2019exploitation qui fait battre le c\u0153ur de chaque Mac. macOS Catalina, c\u2019est tout ce qu\u2019on aime dans le Mac, en \u00e9dition revue et augment\u00e9e. Tout ce que vous faites prend soudain une ampleur in\u00e9dite.<\/p>\n","protected":false},"featured_media":11832,"comment_status":"open","ping_status":"closed","template":"","meta":{"kk_blocks_editor_width":"","_kiokenblocks_attr":"","_kiokenblocks_dimensions":""},"product_brand":[],"product_cat":[447],"product_tag":[],"class_list":{"0":"post-11831","1":"product","2":"type-product","3":"status-publish","4":"has-post-thumbnail","6":"product_cat-imac-laptops-computers","8":"first","9":"outofstock","10":"sale","11":"taxable","12":"shipping-taxable","13":"purchasable","14":"product-type-simple"},"yoast_head":"<!-- This site is optimized with the Yoast SEO plugin v27.5 - https:\/\/yoast.com\/product\/yoast-seo-wordpress\/ -->\n<title>iMac (Retina 4K, 21 pouces, 2017) - KECH BUREAU<\/title>\n<meta name=\"robots\" content=\"index, follow, max-snippet:-1, max-image-preview:large, max-video-preview:-1\" \/>\n<link rel=\"canonical\" href=\"https:\/\/kechbureau.ma\/?product=imac-retina-4k-21-pouces-2017\" \/>\n<meta property=\"og:locale\" content=\"fr_FR\" \/>\n<meta property=\"og:type\" content=\"article\" \/>\n<meta property=\"og:title\" content=\"iMac (Retina 4K, 21 pouces, 2017) - KECH BUREAU\" \/>\n<meta property=\"og:description\" content=\"\u00c9cran   \u00c9cran r\u00e9tro\u00e9clair\u00e9 par LED de 21,5 pouces (diagonale) ; r\u00e9solution de 1 920 x 1 080 pixels avec prise en charge de millions de couleurs  Processeur   2,3 GHz Intel Core i5 bic\u0153ur \u00e0 2,3 GHz (Turbo Boost jusqu\u2019\u00e0 3,6 GHz)  M\u00e9moire   2,3 GHz 8 Go de m\u00e9moire DDR4 \u00e0 2 133 MHz Configurable en 16 Go  Stockage1 \u00a0SSD de 500 Go Processeur graphique   Intel Iris Plus Graphics 640  Prise en charge vid\u00e9o et cam\u00e9ra   Cam\u00e9ra FaceTime HD  Prise en charge simultan\u00e9e de la r\u00e9solution native sur l\u2019\u00e9cran int\u00e9gr\u00e9 de plusieurs millions de couleurs (21,5 pouces) ou d\u2019un milliard de couleurs (4K 21,5 pouces) et de :   un \u00e9cran externe d\u2019une r\u00e9solution de 5 120 x 2 880 pixels (5K) \u00e0 60 Hz avec prise en charge d\u2019un milliard de couleurs, ou de  deux \u00e9crans externes d\u2019une r\u00e9solution de 3 840 x 2 160 pixels (4K UHD) \u00e0 60 Hz avec prise en charge d\u2019un milliard de couleurs, ou de  deux \u00e9crans externes d\u2019une r\u00e9solution de 4 096 x 2 304 pixels (4K) \u00e0 60 Hz avec prise en charge de millions de couleurs    Sortie vid\u00e9o num\u00e9rique Thunderbolt 3  Sortie DisplayPort native par USB\u2011C  Sorties Thunderbolt 2, HDMI, DVI et VGA prises en charge \u00e0 l\u2019aide d\u2019adaptateurs (vendus s\u00e9par\u00e9ment)  Audio   Haut\u2011parleurs st\u00e9r\u00e9o  Micro  Prise casque 3,5 mm   Prise en charge des \u00e9couteurs iPhone Apple avec micro    Connexions et extension   Prise casque 3,5 mm  Lecteur de carte SDXC  Quatre ports USB 3 (compatibles avec les p\u00e9riph\u00e9riques USB 2)  Deux ports Thunderbolt 3 (USB\u2011C) avec prise en charge de :   DisplayPort  Thunderbolt (jusqu\u2019\u00e0 40 Gbit\/s)  USB 3.1 Gen 2 (jusqu\u2019\u00e0 10 Gbit\/s)  Sorties Thunderbolt 2, HDMI, DVI et VGA prises en charge \u00e0 l\u2019aide d\u2019adaptateurs (vendus s\u00e9par\u00e9ment)    Gigabit Ethernet 10\/100\/1000BASE-T (connecteur RJ\u201145)  Fente pour c\u00e2ble antivol Kensington  Entr\u00e9es   Magic Keyboard Le Magic Keyboard est le clavier qui \u00e9quipe de s\u00e9rie tous les iMac. Sans fil et rechargeable (ce qui vous \u00e9vite d\u2019avoir \u00e0 utiliser des piles), il offre un design ultra\u2011compact qui exploite au maximum l\u2019espace disponible. Avec son m\u00e9canisme \u00e0 ciseaux plus stable, une course de touche optimis\u00e9e et un profil abaiss\u00e9, il vous offre plus de contr\u00f4le et de confort. De plus, il s\u2019associe automatiquement avec votre iMac pour \u00eatre tout de suite op\u00e9rationnel.  Magic Keyboard avec pav\u00e9 num\u00e9rique Vous profitez de toutes les fonctionnalit\u00e9s du Magic Keyboard, dans un design \u00e9tendu qui vous donne toute latitude pour jouer et travailler. Le Magic Keyboard avec pav\u00e9 num\u00e9rique inclut des commandes pour naviguer dans les documents (haut de page, bas de page, d\u00e9but et fin) et des touches fl\u00e9ch\u00e9es pour jouer, faire d\u00e9filer des feuilles de calcul et naviguer dans les apps professionnelles.  Magic Mouse 2 La Magic Mouse 2 est la souris qui \u00e9quipe de s\u00e9rie tous les iMac. Gr\u00e2ce \u00e0 son design, la Magic Mouse 2 glisse avec fluidit\u00e9 sur votre bureau. Et comme elle prend en charge le Multi\u2011Touch, vous pouvez effectuer \u00e0\u00a0sa surface des gestes simples comme balayer d\u2019une page web \u00e0 l\u2019autre ou faire d\u00e9filer de longs documents.  Magic Trackpad 2 Si vous \u00eates plut\u00f4t un adepte du trackpad, le Magic Trackpad 2 vous permettra d\u2019utiliser tous les gestes Multi\u2011Touch, mais aussi de b\u00e9n\u00e9ficier de la puissance du Force Touch pour votre ordinateur de bureau.\u00a0Les capteurs situ\u00e9s sous la surface d\u00e9tectent les diff\u00e9rences de pression, \u00e9largissant ainsi ses possibilit\u00e9s. Jamais vous n\u2019aviez pu interagir \u00e0 ce point avec vos contenus. Associ\u00e9 \u00e0 un profil abaiss\u00e9, ce design am\u00e9liore consid\u00e9rablement votre confort d\u2019utilisation.  Sans\u2011fil   Wi\u2011Fi Connectivit\u00e9 Wi\u2011Fi 802.11ac Compatible IEEE 802.11a\/b\/g\/n  Bluetooth Technologie sans fil Bluetooth 4.2  Dimensions et poids   Hauteur : 45 cm  Largeur : 52,8 cm  Profondeur du pied : 17,5 cm  Poids : 5,66 kg2  Alimentation et conditions ambiantes   Tension : de 100 \u00e0 240 V CA  Fr\u00e9quence : de 50 \u00e0 60 Hz, monophas\u00e9  Temp\u00e9rature d\u2019utilisation : de 10 \u00e0 35 \u00b0C  Humidit\u00e9 relative : de 5 \u00e0 95 % sans condensation  Altitude maximale : test\u00e9 jusqu\u2019\u00e0 3 000 m  Contenu du coffret   iMac 21,5 pouces  Magic Keyboard  Magic Mouse 2  Cordon d\u2019alimentation  C\u00e2ble Lightning vers USB  Syst\u00e8me d\u2019exploitation macOS macOS est le syst\u00e8me d\u2019exploitation qui fait battre le c\u0153ur de chaque Mac. macOS Catalina, c\u2019est tout ce qu\u2019on aime dans le Mac, en \u00e9dition revue et augment\u00e9e. Tout ce que vous faites prend soudain une ampleur in\u00e9dite.\" \/>\n<meta property=\"og:url\" content=\"https:\/\/kechbureau.ma\/?product=imac-retina-4k-21-pouces-2017\" \/>\n<meta property=\"og:site_name\" content=\"KECH BUREAU\" \/>\n<meta property=\"article:modified_time\" content=\"2023-12-07T14:46:21+00:00\" \/>\n<meta property=\"og:image\" content=\"https:\/\/kechbureau.ma\/wp-content\/uploads\/2021\/04\/apple-imac-27-puces-retina-5k-2020-uno-maroc-1.jpg\" \/>\n\t<meta property=\"og:image:width\" content=\"598\" \/>\n\t<meta property=\"og:image:height\" content=\"598\" \/>\n\t<meta property=\"og:image:type\" content=\"image\/jpeg\" \/>\n<meta name=\"twitter:card\" content=\"summary_large_image\" \/>\n<script type=\"application\/ld+json\" class=\"yoast-schema-graph\">{\"@context\":\"https:\\\/\\\/schema.org\",\"@graph\":[{\"@type\":\"WebPage\",\"@id\":\"https:\\\/\\\/kechbureau.ma\\\/?product=imac-retina-4k-21-pouces-2017\",\"url\":\"https:\\\/\\\/kechbureau.ma\\\/?product=imac-retina-4k-21-pouces-2017\",\"name\":\"iMac (Retina 4K, 21 pouces, 2017) - KECH BUREAU\",\"isPartOf\":{\"@id\":\"https:\\\/\\\/kechbureau.ma\\\/#website\"},\"primaryImageOfPage\":{\"@id\":\"https:\\\/\\\/kechbureau.ma\\\/?product=imac-retina-4k-21-pouces-2017#primaryimage\"},\"image\":{\"@id\":\"https:\\\/\\\/kechbureau.ma\\\/?product=imac-retina-4k-21-pouces-2017#primaryimage\"},\"thumbnailUrl\":\"https:\\\/\\\/kechbureau.ma\\\/wp-content\\\/uploads\\\/2021\\\/04\\\/apple-imac-27-puces-retina-5k-2020-uno-maroc-1.jpg\",\"datePublished\":\"2021-04-05T09:17:45+00:00\",\"dateModified\":\"2023-12-07T14:46:21+00:00\",\"breadcrumb\":{\"@id\":\"https:\\\/\\\/kechbureau.ma\\\/?product=imac-retina-4k-21-pouces-2017#breadcrumb\"},\"inLanguage\":\"fr-FR\",\"potentialAction\":[{\"@type\":\"ReadAction\",\"target\":[\"https:\\\/\\\/kechbureau.ma\\\/?product=imac-retina-4k-21-pouces-2017\"]}]},{\"@type\":\"ImageObject\",\"inLanguage\":\"fr-FR\",\"@id\":\"https:\\\/\\\/kechbureau.ma\\\/?product=imac-retina-4k-21-pouces-2017#primaryimage\",\"url\":\"https:\\\/\\\/kechbureau.ma\\\/wp-content\\\/uploads\\\/2021\\\/04\\\/apple-imac-27-puces-retina-5k-2020-uno-maroc-1.jpg\",\"contentUrl\":\"https:\\\/\\\/kechbureau.ma\\\/wp-content\\\/uploads\\\/2021\\\/04\\\/apple-imac-27-puces-retina-5k-2020-uno-maroc-1.jpg\",\"width\":598,\"height\":598},{\"@type\":\"BreadcrumbList\",\"@id\":\"https:\\\/\\\/kechbureau.ma\\\/?product=imac-retina-4k-21-pouces-2017#breadcrumb\",\"itemListElement\":[{\"@type\":\"ListItem\",\"position\":1,\"name\":\"Accueil\",\"item\":\"https:\\\/\\\/kechbureau.ma\\\/\"},{\"@type\":\"ListItem\",\"position\":2,\"name\":\"Shop\",\"item\":\"https:\\\/\\\/kechbureau.ma\\\/?page_id=3853\"},{\"@type\":\"ListItem\",\"position\":3,\"name\":\"iMac (Retina 4K, 21 pouces, 2017)\"}]},{\"@type\":\"WebSite\",\"@id\":\"https:\\\/\\\/kechbureau.ma\\\/#website\",\"url\":\"https:\\\/\\\/kechbureau.ma\\\/\",\"name\":\"KECH BUREAU\",\"description\":\"MARRAKECH BUREAU\",\"potentialAction\":[{\"@type\":\"SearchAction\",\"target\":{\"@type\":\"EntryPoint\",\"urlTemplate\":\"https:\\\/\\\/kechbureau.ma\\\/?s={search_term_string}\"},\"query-input\":{\"@type\":\"PropertyValueSpecification\",\"valueRequired\":true,\"valueName\":\"search_term_string\"}}],\"inLanguage\":\"fr-FR\"}]}<\/script>\n<!-- \/ Yoast SEO plugin. -->","yoast_head_json":{"title":"iMac (Retina 4K, 21 pouces, 2017) - KECH BUREAU","robots":{"index":"index","follow":"follow","max-snippet":"max-snippet:-1","max-image-preview":"max-image-preview:large","max-video-preview":"max-video-preview:-1"},"canonical":"https:\/\/kechbureau.ma\/?product=imac-retina-4k-21-pouces-2017","og_locale":"fr_FR","og_type":"article","og_title":"iMac (Retina 4K, 21 pouces, 2017) - KECH BUREAU","og_description":"\u00c9cran   \u00c9cran r\u00e9tro\u00e9clair\u00e9 par LED de 21,5 pouces (diagonale) ; r\u00e9solution de 1 920 x 1 080 pixels avec prise en charge de millions de couleurs  Processeur   2,3 GHz Intel Core i5 bic\u0153ur \u00e0 2,3 GHz (Turbo Boost jusqu\u2019\u00e0 3,6 GHz)  M\u00e9moire   2,3 GHz 8 Go de m\u00e9moire DDR4 \u00e0 2 133 MHz Configurable en 16 Go  Stockage1 \u00a0SSD de 500 Go Processeur graphique   Intel Iris Plus Graphics 640  Prise en charge vid\u00e9o et cam\u00e9ra   Cam\u00e9ra FaceTime HD  Prise en charge simultan\u00e9e de la r\u00e9solution native sur l\u2019\u00e9cran int\u00e9gr\u00e9 de plusieurs millions de couleurs (21,5 pouces) ou d\u2019un milliard de couleurs (4K 21,5 pouces) et de :   un \u00e9cran externe d\u2019une r\u00e9solution de 5 120 x 2 880 pixels (5K) \u00e0 60 Hz avec prise en charge d\u2019un milliard de couleurs, ou de  deux \u00e9crans externes d\u2019une r\u00e9solution de 3 840 x 2 160 pixels (4K UHD) \u00e0 60 Hz avec prise en charge d\u2019un milliard de couleurs, ou de  deux \u00e9crans externes d\u2019une r\u00e9solution de 4 096 x 2 304 pixels (4K) \u00e0 60 Hz avec prise en charge de millions de couleurs    Sortie vid\u00e9o num\u00e9rique Thunderbolt 3  Sortie DisplayPort native par USB\u2011C  Sorties Thunderbolt 2, HDMI, DVI et VGA prises en charge \u00e0 l\u2019aide d\u2019adaptateurs (vendus s\u00e9par\u00e9ment)  Audio   Haut\u2011parleurs st\u00e9r\u00e9o  Micro  Prise casque 3,5 mm   Prise en charge des \u00e9couteurs iPhone Apple avec micro    Connexions et extension   Prise casque 3,5 mm  Lecteur de carte SDXC  Quatre ports USB 3 (compatibles avec les p\u00e9riph\u00e9riques USB 2)  Deux ports Thunderbolt 3 (USB\u2011C) avec prise en charge de :   DisplayPort  Thunderbolt (jusqu\u2019\u00e0 40 Gbit\/s)  USB 3.1 Gen 2 (jusqu\u2019\u00e0 10 Gbit\/s)  Sorties Thunderbolt 2, HDMI, DVI et VGA prises en charge \u00e0 l\u2019aide d\u2019adaptateurs (vendus s\u00e9par\u00e9ment)    Gigabit Ethernet 10\/100\/1000BASE-T (connecteur RJ\u201145)  Fente pour c\u00e2ble antivol Kensington  Entr\u00e9es   Magic Keyboard Le Magic Keyboard est le clavier qui \u00e9quipe de s\u00e9rie tous les iMac. Sans fil et rechargeable (ce qui vous \u00e9vite d\u2019avoir \u00e0 utiliser des piles), il offre un design ultra\u2011compact qui exploite au maximum l\u2019espace disponible. Avec son m\u00e9canisme \u00e0 ciseaux plus stable, une course de touche optimis\u00e9e et un profil abaiss\u00e9, il vous offre plus de contr\u00f4le et de confort. De plus, il s\u2019associe automatiquement avec votre iMac pour \u00eatre tout de suite op\u00e9rationnel.  Magic Keyboard avec pav\u00e9 num\u00e9rique Vous profitez de toutes les fonctionnalit\u00e9s du Magic Keyboard, dans un design \u00e9tendu qui vous donne toute latitude pour jouer et travailler. Le Magic Keyboard avec pav\u00e9 num\u00e9rique inclut des commandes pour naviguer dans les documents (haut de page, bas de page, d\u00e9but et fin) et des touches fl\u00e9ch\u00e9es pour jouer, faire d\u00e9filer des feuilles de calcul et naviguer dans les apps professionnelles.  Magic Mouse 2 La Magic Mouse 2 est la souris qui \u00e9quipe de s\u00e9rie tous les iMac. Gr\u00e2ce \u00e0 son design, la Magic Mouse 2 glisse avec fluidit\u00e9 sur votre bureau. Et comme elle prend en charge le Multi\u2011Touch, vous pouvez effectuer \u00e0\u00a0sa surface des gestes simples comme balayer d\u2019une page web \u00e0 l\u2019autre ou faire d\u00e9filer de longs documents.  Magic Trackpad 2 Si vous \u00eates plut\u00f4t un adepte du trackpad, le Magic Trackpad 2 vous permettra d\u2019utiliser tous les gestes Multi\u2011Touch, mais aussi de b\u00e9n\u00e9ficier de la puissance du Force Touch pour votre ordinateur de bureau.\u00a0Les capteurs situ\u00e9s sous la surface d\u00e9tectent les diff\u00e9rences de pression, \u00e9largissant ainsi ses possibilit\u00e9s. Jamais vous n\u2019aviez pu interagir \u00e0 ce point avec vos contenus. Associ\u00e9 \u00e0 un profil abaiss\u00e9, ce design am\u00e9liore consid\u00e9rablement votre confort d\u2019utilisation.  Sans\u2011fil   Wi\u2011Fi Connectivit\u00e9 Wi\u2011Fi 802.11ac Compatible IEEE 802.11a\/b\/g\/n  Bluetooth Technologie sans fil Bluetooth 4.2  Dimensions et poids   Hauteur : 45 cm  Largeur : 52,8 cm  Profondeur du pied : 17,5 cm  Poids : 5,66 kg2  Alimentation et conditions ambiantes   Tension : de 100 \u00e0 240 V CA  Fr\u00e9quence : de 50 \u00e0 60 Hz, monophas\u00e9  Temp\u00e9rature d\u2019utilisation : de 10 \u00e0 35 \u00b0C  Humidit\u00e9 relative : de 5 \u00e0 95 % sans condensation  Altitude maximale : test\u00e9 jusqu\u2019\u00e0 3 000 m  Contenu du coffret   iMac 21,5 pouces  Magic Keyboard  Magic Mouse 2  Cordon d\u2019alimentation  C\u00e2ble Lightning vers USB  Syst\u00e8me d\u2019exploitation macOS macOS est le syst\u00e8me d\u2019exploitation qui fait battre le c\u0153ur de chaque Mac. macOS Catalina, c\u2019est tout ce qu\u2019on aime dans le Mac, en \u00e9dition revue et augment\u00e9e. Tout ce que vous faites prend soudain une ampleur in\u00e9dite.","og_url":"https:\/\/kechbureau.ma\/?product=imac-retina-4k-21-pouces-2017","og_site_name":"KECH BUREAU","article_modified_time":"2023-12-07T14:46:21+00:00","og_image":[{"width":598,"height":598,"url":"https:\/\/kechbureau.ma\/wp-content\/uploads\/2021\/04\/apple-imac-27-puces-retina-5k-2020-uno-maroc-1.jpg","type":"image\/jpeg"}],"twitter_card":"summary_large_image","schema":{"@context":"https:\/\/schema.org","@graph":[{"@type":"WebPage","@id":"https:\/\/kechbureau.ma\/?product=imac-retina-4k-21-pouces-2017","url":"https:\/\/kechbureau.ma\/?product=imac-retina-4k-21-pouces-2017","name":"iMac (Retina 4K, 21 pouces, 2017) - KECH BUREAU","isPartOf":{"@id":"https:\/\/kechbureau.ma\/#website"},"primaryImageOfPage":{"@id":"https:\/\/kechbureau.ma\/?product=imac-retina-4k-21-pouces-2017#primaryimage"},"image":{"@id":"https:\/\/kechbureau.ma\/?product=imac-retina-4k-21-pouces-2017#primaryimage"},"thumbnailUrl":"https:\/\/kechbureau.ma\/wp-content\/uploads\/2021\/04\/apple-imac-27-puces-retina-5k-2020-uno-maroc-1.jpg","datePublished":"2021-04-05T09:17:45+00:00","dateModified":"2023-12-07T14:46:21+00:00","breadcrumb":{"@id":"https:\/\/kechbureau.ma\/?product=imac-retina-4k-21-pouces-2017#breadcrumb"},"inLanguage":"fr-FR","potentialAction":[{"@type":"ReadAction","target":["https:\/\/kechbureau.ma\/?product=imac-retina-4k-21-pouces-2017"]}]},{"@type":"ImageObject","inLanguage":"fr-FR","@id":"https:\/\/kechbureau.ma\/?product=imac-retina-4k-21-pouces-2017#primaryimage","url":"https:\/\/kechbureau.ma\/wp-content\/uploads\/2021\/04\/apple-imac-27-puces-retina-5k-2020-uno-maroc-1.jpg","contentUrl":"https:\/\/kechbureau.ma\/wp-content\/uploads\/2021\/04\/apple-imac-27-puces-retina-5k-2020-uno-maroc-1.jpg","width":598,"height":598},{"@type":"BreadcrumbList","@id":"https:\/\/kechbureau.ma\/?product=imac-retina-4k-21-pouces-2017#breadcrumb","itemListElement":[{"@type":"ListItem","position":1,"name":"Accueil","item":"https:\/\/kechbureau.ma\/"},{"@type":"ListItem","position":2,"name":"Shop","item":"https:\/\/kechbureau.ma\/?page_id=3853"},{"@type":"ListItem","position":3,"name":"iMac (Retina 4K, 21 pouces, 2017)"}]},{"@type":"WebSite","@id":"https:\/\/kechbureau.ma\/#website","url":"https:\/\/kechbureau.ma\/","name":"KECH BUREAU","description":"MARRAKECH BUREAU","potentialAction":[{"@type":"SearchAction","target":{"@type":"EntryPoint","urlTemplate":"https:\/\/kechbureau.ma\/?s={search_term_string}"},"query-input":{"@type":"PropertyValueSpecification","valueRequired":true,"valueName":"search_term_string"}}],"inLanguage":"fr-FR"}]}},"_links":{"self":[{"href":"https:\/\/kechbureau.ma\/index.php?rest_route=\/wp\/v2\/product\/11831","targetHints":{"allow":["GET"]}}],"collection":[{"href":"https:\/\/kechbureau.ma\/index.php?rest_route=\/wp\/v2\/product"}],"about":[{"href":"https:\/\/kechbureau.ma\/index.php?rest_route=\/wp\/v2\/types\/product"}],"replies":[{"embeddable":true,"href":"https:\/\/kechbureau.ma\/index.php?rest_route=%2Fwp%2Fv2%2Fcomments&post=11831"}],"wp:featuredmedia":[{"embeddable":true,"href":"https:\/\/kechbureau.ma\/index.php?rest_route=\/wp\/v2\/media\/11832"}],"wp:attachment":[{"href":"https:\/\/kechbureau.ma\/index.php?rest_route=%2Fwp%2Fv2%2Fmedia&parent=11831"}],"wp:term":[{"taxonomy":"product_brand","embeddable":true,"href":"https:\/\/kechbureau.ma\/index.php?rest_route=%2Fwp%2Fv2%2Fproduct_brand&post=11831"},{"taxonomy":"product_cat","embeddable":true,"href":"https:\/\/kechbureau.ma\/index.php?rest_route=%2Fwp%2Fv2%2Fproduct_cat&post=11831"},{"taxonomy":"product_tag","embeddable":true,"href":"https:\/\/kechbureau.ma\/index.php?rest_route=%2Fwp%2Fv2%2Fproduct_tag&post=11831"}],"curies":[{"name":"wp","href":"https:\/\/api.w.org\/{rel}","templated":true}]}}